{"id":44,"date":"2024-07-14T07:37:58","date_gmt":"2024-07-14T07:37:58","guid":{"rendered":"https:\/\/haskurt.com\/40\/?page_id=44"},"modified":"2026-01-29T15:51:37","modified_gmt":"2026-01-29T15:51:37","slug":"canakkale-savasi","status":"publish","type":"page","link":"https:\/\/haskurt.com\/40\/canakkale-savasi\/","title":{"rendered":"\u00c7anakkale sava\u015f\u0131"},"content":{"rendered":"<h1 class=\"wp-block-heading has-text-align-center has-white-color has-text-color has-background\" style=\"background-color: #34495e; font-size: 0px; font-style: normal; font-weight: bold; text-align: center;\" align=\"center\"><strong><img decoding=\"async\" class=\"alignnone\" src=\"https:\/\/haskurt.com\/40\/wp-content\/uploads\/2024\/07\/Bayrak03.gif\" alt=\"This image has an empty alt attribute; its file name is Bayrak03.gif\" \/>\u00a0 \u00a0 <code><span style=\"color: #ffffff; font-family: Arial Black; font-size: x-large;\">\u00a0 \u00a0\u00c7anakkale Sava\u015f\u0131  \u00a0<\/span><\/code><code><\/code><code><img decoding=\"async\" src=\"https:\/\/haskurt.com\/40\/wp-content\/uploads\/2024\/07\/Bayrak03.gif\" alt=\"This image has an empty alt attribute; its file name is kirsehir03.gif\" \/><\/code><\/strong><code><\/code><\/h1>\n\n\n<figure class=\"wp-block-image size-full is-resized\"><img loading=\"lazy\" decoding=\"async\" width=\"1024\" height=\"768\" src=\"https:\/\/haskurt.com\/40\/wp-content\/uploads\/2024\/07\/Canakkale_GIF_00.gif\" alt=\"\" class=\"wp-image-78\" style=\"width:1113px;height:auto\"\/><\/figure>\n\n\n\n<p><strong>1. D\u00fcnya Sava\u015f\u0131\u2019nda \u00c7anakkale\u2019de yakla\u015f\u0131k 2 y\u0131l s\u00fcren deniz ve kara sava\u015flar\u0131 Osmanl\u0131 Devleti\u2019nin zaferiyle sonu\u00e7land\u0131. Peki \u00c7anakkale Sava\u015f\u0131 ne zaman ba\u015flad\u0131 ve ne zaman bitti? \u00c7anakkale Sava\u015f\u0131 kimlerle yap\u0131ld\u0131? \u00c7anakkale Sava\u015f\u0131\u2019n\u0131 kim kazand\u0131? \u00c7anakkale Sava\u015f\u0131\u2019n\u0131n nedenleri ve sonu\u00e7lar\u0131 nelerdir? \u00c7anakkale Sava\u015f\u0131\u2019n\u0131n T\u00fcrk ve \u0130slam tarihi a\u00e7\u0131s\u0131ndan \u00f6nemi nedir?<\/strong><\/p>\n\n\n\n<p><strong>Osmanl\u0131 Devleti ile \u0130tilaf Devletleri [\u0130ngiltere, Fransa, Anzak (Yeni Zelanda), Avustralya] aras\u0131nda 3 Kas\u0131m 1914 &#8211; 18 Mart 1915 tarihlerinde \u00c7anakkale Bo\u011faz\u0131\u2019nda cereyan eden deniz sava\u015flar\u0131yla Gelibolu yar\u0131madas\u0131nda 25 Nisan 1915 &#8211; 9 Ocak 1916 tarihleri aras\u0131nda yap\u0131lan kara sava\u015flar\u0131nda T\u00fcrk ordusu, T\u00fcrk tarihine alt\u0131n harflerle yaz\u0131lacak zaferle \u00e7\u0131kt\u0131.<\/strong><\/p>\n\n\n<h1 class=\"wp-block-heading has-text-align-center has-white-color has-text-color has-background\" style=\"background-color: #34495e; font-size: 0px; font-style: normal; font-weight: bold; text-align: center;\" align=\"center\"><strong><img decoding=\"async\" class=\"alignnone\" src=\"https:\/\/haskurt.com\/40\/wp-content\/uploads\/2024\/07\/Bayrak03.gif\" alt=\"This image has an empty alt attribute; its file name is Bayrak03.gif\" \/>\u00a0 \u00a0 <code><span style=\"color: #ffffff; font-family: Arial Black; font-size: x-large;\">\u00a0 \u00a0\u00c7anakkale Sava\u015f\u0131n\u0131n Nedenleri ve Sonu\u00e7lar\u0131  \u00a0<\/span><\/code><code><\/code><code><img decoding=\"async\" src=\"https:\/\/haskurt.com\/40\/wp-content\/uploads\/2024\/07\/Bayrak03.gif\" alt=\"This image has an empty alt attribute; its file name is kirsehir03.gif\" \/><\/code><\/strong><code><\/code><\/h1>\n\n\n<p><strong>\u0130tilaf Devletleri; Osmanl\u0131 Devleti\u2019nin ba\u015fkenti \u0130stanbul\u2019u alarak \u0130stanbul ve \u00c7anakkale bo\u011fazlar\u0131n\u0131n kontrol\u00fcn\u00fc ele ge\u00e7irmek, Rusya\u2019yla g\u00fcvenli bir erzak tedarik ve askeri ikmal yolu a\u00e7mak, ba\u015fkent \u0130stanbul\u2032u zapt etmek suretiyle Almanya\u2032n\u0131n m\u00fcttefiklerinden birini sava\u015f d\u0131\u015f\u0131 b\u0131rakarak sava\u015f\u0131 erken bitirmek istediler. Bu nedenle ilk hedef olarak \u00c7anakkale Bo\u011faz\u0131\u2019n\u0131 se\u00e7tiler.<\/strong><\/p>\n\n\n\n<p><strong>\u00c7anakkale Bo\u011faz\u0131\u2019n\u0131n donanmayla ge\u00e7ilerek \u0130stanbul\u2019un i\u015fgalini \u00f6ng\u00f6ren plan Birle\u015fik Krall\u0131k ve Fransa gemilerinden olu\u015fan donanman\u0131n Bo\u011faz\u2019a geni\u015f \u00e7apl\u0131 sald\u0131r\u0131lar\u0131 1915 \u015eubat ay\u0131nda ba\u015flad\u0131. \u00d6zellikle 19 \u015eubat 1915 ve 25 \u015eubat 1915 bombard\u0131manlar\u0131 sonucu M\u00fcstahkem Mevki Komutan\u0131 Cevat \u00c7obanl\u0131 giri\u015f tabyalar\u0131n\u0131n geri hatta \u00e7ekilmesi emrini verdi. En g\u00fc\u00e7l\u00fc sald\u0131r\u0131 ise 18 Mart 1915 g\u00fcn\u00fc yap\u0131ld\u0131. Ancak Osmanl\u0131 ordusunun Nusret May\u0131n Gemisi ile daha \u00f6nce bo\u011fazda d\u00f6\u015fedi\u011fi may\u0131nlar infilak edince d\u00fc\u015fman donanmas\u0131 a\u011f\u0131r kay\u0131plar verdi ve deniz harek\u00e2t\u0131ndan vazge\u00e7mek zorunda kald\u0131.<\/strong><\/p>\n\n\n\n<p><strong>\u0130tilaf devletleri deniz yoluyla \u0130stanbul\u2019a ula\u015famayacaklar\u0131n\u0131 anlay\u0131nca kara harek\u00e2t\u0131 yapmaya karar verdiler. D\u00fc\u015fman 25 Nisan 1915 \u015fafa\u011f\u0131nda Gelibolu Yar\u0131madas\u0131\u2019n\u0131n g\u00fcneyinde be\u015f noktada karaya \u00e7\u0131kt\u0131. Sedd\u00fclbahir ve Ar\u0131burnu sahillerinde yer yer tutunsalar da Osmanl\u0131 kuvvetlerinin inat\u00e7\u0131 savunmalar\u0131 ve zaman zaman giri\u015ftikleri kar\u015f\u0131 taarruzlar sonucunda Gelibolu Yar\u0131madas\u0131\u2019n\u0131 i\u015fgalde ba\u015far\u0131l\u0131 olamad\u0131lar. Bunun \u00fczerine sahildeki kuvvetler takviye edilmek i\u00e7in Ar\u0131burnu\u2019nun kuzeyinde Suvla Koyu\u2019na 6 A\u011fustos 1915\u2019te yeni kuvvetlerle bir \u00fc\u00e7\u00fcnc\u00fc \u00e7\u0131karma yap\u0131ld\u0131. Britanya ve Anzak kuvvetlerinin Koca \u00c7imentepe \u2013 Conk Bay\u0131r\u0131 hatt\u0131nda ve Anafartalar\u2019da yapt\u0131klar\u0131 genel taarruzlar Osmanl\u0131 savunmas\u0131n\u0131 a\u015famad\u0131. T\u00fcm bu geli\u015fmelerin sonras\u0131nda \u0130ngiliz, Anzak ve Frans\u0131z kuvvetleri a\u011f\u0131r bir ma\u011flubiyet ve itibar kayb\u0131yla Gelibolu Yar\u0131madas\u0131\u2019n\u0131 1915 y\u0131l\u0131 aral\u0131k ay\u0131 i\u00e7inde tahliye etti.<\/strong><\/p>\n\n\n<h1 class=\"wp-block-heading has-text-align-center has-white-color has-text-color has-background\" style=\"background-color: #34495e; font-size: 0px; font-style: normal; font-weight: bold; text-align: center;\" align=\"center\"><strong><img decoding=\"async\" class=\"alignnone\" src=\"https:\/\/haskurt.com\/40\/wp-content\/uploads\/2024\/07\/Bayrak03.gif\" alt=\"This image has an empty alt attribute; its file name is Bayrak03.gif\" \/>\u00a0 \u00a0 <code><span style=\"color: #ffffff; font-family: Arial Black; font-size: x-large;\">\u00a0 \u00a018 Mart \u00c7anakkale Zaferi Anlam\u0131  \u00a0<\/span><\/code><code><\/code><code><img decoding=\"async\" src=\"https:\/\/haskurt.com\/40\/wp-content\/uploads\/2024\/07\/Bayrak03.gif\" alt=\"This image has an empty alt attribute; its file name is kirsehir03.gif\" \/><\/code><\/strong><code><\/code><\/h1>\n\n\n<figure class=\"wp-block-image size-full\"><img loading=\"lazy\" decoding=\"async\" width=\"1024\" height=\"768\" src=\"https:\/\/haskurt.com\/40\/wp-content\/uploads\/2024\/07\/Canakkale_GIF_01.gif\" alt=\"\" class=\"wp-image-79\"\/><\/figure>\n\n\n\n<p><strong>Milletin birlik ve beraberlik i\u00e7inde verdi\u011fi \u015fanl\u0131 m\u00fccadeleyi anlatan \u00c7anakkale Zaferi, insanl\u0131k tarihinde benzerine az rastlan\u0131r bir kahramanl\u0131k destan\u0131d\u0131r. 18 Mart 1915 tarihinde d\u00f6nemin en b\u00fcy\u00fck donanmalar\u0131na kar\u015f\u0131 zafer kazan\u0131lm\u0131\u015ft\u0131r. Sava\u015f, \u0130tilaf Devletleri\u2019nin Anadolu\u2019yu ele ge\u00e7irmek istemeleriyle ba\u015flam\u0131\u015ft\u0131r. Sava\u015f s\u0131ras\u0131nda \u0130tilaf ve \u0130ttifak Devletleri ciddi kay\u0131plar vermi\u015f, T\u00fcrk halk\u0131 d\u00fc\u015fmanlar\u0131n ge\u00e7mesine son dakikaya kadar var g\u00fcc\u00fcyle engel olmu\u015ftur.<\/strong><\/p>\n\n\n\n<p><strong>Osmanl\u0131 Devleti\u2019nin savunmada oldu\u011fu \u00c7anakkale Sava\u015f\u0131 3 Kas\u0131m 1914 ve 18 Mart 1915 y\u0131llar\u0131 aras\u0131nda deniz sava\u015flar\u0131 olarak yap\u0131lm\u0131\u015ft\u0131r. 25 Nisan 1915 ile 9 Ocak 1916 y\u0131llar\u0131 aras\u0131nda ise sava\u015f Gelibolu Yar\u0131madas\u0131\u2019nda kara sava\u015flar\u0131 \u015feklinde s\u00fcrd\u00fcr\u00fclm\u00fc\u015ft\u00fcr. Bu sava\u015fta \u0130tilaf Devletleri \u00f6zellikle \u00c7anakkale Bo\u011faz\u0131 ile \u0130stanbul\u2019u ge\u00e7meyi hedeflemi\u015flerdir. Bo\u011faz\u0131 ge\u00e7meleri Rusya\u2019dan her t\u00fcrl\u00fc yard\u0131m\u0131 alabilmelerini sa\u011flayacakt\u0131. Bu ama\u00e7la ilk olarak \u00c7anakkale Bo\u011faz\u0131\u2019na 1915 y\u0131l\u0131n\u0131n \u015fubat ay\u0131nda sald\u0131r\u0131lar ba\u015flam\u0131\u015ft\u0131r.<\/strong><\/p>\n\n\n<h1 class=\"wp-block-heading has-text-align-center has-white-color has-text-color has-background\" style=\"background-color: #34495e; font-size: 0px; font-style: normal; font-weight: bold; text-align: center;\" align=\"center\"><strong><img decoding=\"async\" class=\"alignnone\" src=\"https:\/\/haskurt.com\/40\/wp-content\/uploads\/2024\/07\/Bayrak03.gif\" alt=\"This image has an empty alt attribute; its file name is Bayrak03.gif\" \/>\u00a0 \u00a0 <code><span style=\"color: #ffffff; font-family: Arial Black; font-size: x-large;\">\u00a0 \u00a018 Mart \u00c7anakkale Zaferinin \u00d6nemi Nedir?  \u00a0<\/span><\/code><code><\/code><code><img decoding=\"async\" src=\"https:\/\/haskurt.com\/40\/wp-content\/uploads\/2024\/07\/Bayrak03.gif\" alt=\"This image has an empty alt attribute; its file name is kirsehir03.gif\" \/><\/code><\/strong><code><\/code><\/h1>\n\n\n<figure class=\"wp-block-image size-full\"><img loading=\"lazy\" decoding=\"async\" width=\"1024\" height=\"768\" src=\"https:\/\/haskurt.com\/40\/wp-content\/uploads\/2024\/07\/Canakkale_GIF_02.gif\" alt=\"\" class=\"wp-image-80\"\/><\/figure>\n\n\n\n<p><strong>Osmanl\u0131 Devleti i\u00e7ten i\u00e7e yok olmaya ba\u015flam\u0131\u015f ve dar bo\u011faza girmi\u015ftir. Avrupa Devletleri taraf\u0131ndan \u201cHasta Adam\u201d olarak nitelendirilmi\u015f ve d\u00fc\u015fman devletleri bu durumdan g\u00fc\u00e7 alarak Osmanl\u0131\u2019ya sava\u015f ilan etmi\u015ftir. Rusya, Fransa, \u0130talya ve \u0130ngiltere, Osmanl\u0131 topraklar\u0131na d\u00f6rt bir yandan sald\u0131rm\u0131\u015ft\u0131r. Sald\u0131r\u0131ya kar\u015f\u0131 T\u00fcrk milleti yaln\u0131zca askeri birlikler ile de\u011fil, eli silah tutan t\u00fcm kad\u0131nlar ve erkeklerle kendini savunmu\u015ftur. \u00c7anakkale Cephesinde destans\u0131 bir m\u00fccadele verilmi\u015f, d\u00fcnya \u00fczerindeki g\u00fc\u00e7 dengelerinde de\u011fi\u015fme olmu\u015ftur. Kazan\u0131lan zaferle T\u00fcrk halk\u0131n\u0131n ne kadar korkusuz ve m\u00fccadeleci oldu\u011fu ortaya \u00e7\u0131km\u0131\u015f, bu durum b\u00fct\u00fcn devletler taraf\u0131ndan g\u00f6r\u00fclm\u00fc\u015ft\u00fcr.<\/strong><\/p>\n\n\n<h1 class=\"wp-block-heading has-text-align-center has-white-color has-text-color has-background\" style=\"background-color: #34495e; font-size: 0px; font-style: normal; font-weight: bold; text-align: center;\" align=\"center\"><strong><img decoding=\"async\" class=\"alignnone\" src=\"https:\/\/haskurt.com\/40\/wp-content\/uploads\/2024\/07\/Bayrak03.gif\" alt=\"This image has an empty alt attribute; its file name is Bayrak03.gif\" \/>\u00a0 \u00a0 <code><span style=\"color: #ffffff; font-family: Arial Black; font-size: x-large;\">\u00a0 \u00a0\u00c7anakkale Sava\u015flar\u0131nda Ne Oldu?  \u00a0<\/span><\/code><code><\/code><code><img decoding=\"async\" src=\"https:\/\/haskurt.com\/40\/wp-content\/uploads\/2024\/07\/Bayrak03.gif\" alt=\"This image has an empty alt attribute; its file name is kirsehir03.gif\" \/><\/code><\/strong><code><\/code><\/h1>\n\n\n<p><strong>1915 ve 1916 y\u0131llar\u0131nda Gelibolu Yar\u0131madas\u0131\u2019nda yap\u0131lan \u00c7anakkale Sava\u015flar\u0131 kara ve deniz muharebelerini i\u00e7erir. \u0130tilaf devletleri ilk hedef noktas\u0131 olarak \u00c7anakkale Bo\u011faz\u0131\u2019n\u0131 se\u00e7mi\u015f ve \u00c7anakkale\u2019yi alamayarak geri \u00e7ekilmek zorunda kalm\u0131\u015ft\u0131r. Sava\u015f \u00f6ncesinde \u0130tilaf Devletleri Rusya ile askeri ikmal ve erzak tedarik yolunu a\u00e7may\u0131 hedeflemi\u015ftir. Ancak sava\u015f s\u0131ras\u0131nda her iki taraf da \u00e7ok b\u00fcy\u00fck ve ciddi kay\u0131plar vermi\u015ftir.<\/strong><\/p>\n\n\n\n<p><strong>Osmanl\u0131 Devleti\u2019nden kalan t\u00fcm topraklar\u0131 ve Anadolu\u2019yu ele ge\u00e7irmek isteyen Avrupa Devletleri hem karadan hem de denizden taarruza ge\u00e7mi\u015ftir. Her iki tarafta da sava\u015f, \u0130tilaf Devletleri\u2019nin ba\u015far\u0131s\u0131zl\u0131\u011f\u0131 ile sonu\u00e7lanm\u0131\u015ft\u0131r. Sava\u015f\u0131 kazanabilmek ad\u0131na \u00fclkenin d\u00f6rt bir yan\u0131ndan ya\u015f\u0131 fark etmeden b\u00fct\u00fcn erkekler sava\u015fa gitmi\u015ftir. Bu sebeple sava\u015f y\u0131llar\u0131nda \u00fclkedeki neredeyse hi\u00e7bir okul mezun verememi\u015f, ancak b\u00fcy\u00fck bir m\u00fccadele ba\u015far\u0131yla sonu\u00e7lanm\u0131\u015ft\u0131r.<\/strong><\/p>\n\n\n<h1 class=\"wp-block-heading has-text-align-center has-white-color has-text-color has-background\" style=\"background-color: #34495e; font-size: 0px; font-style: normal; font-weight: bold; text-align: center;\" align=\"center\"><strong><img decoding=\"async\" class=\"alignnone\" src=\"https:\/\/haskurt.com\/40\/wp-content\/uploads\/2024\/07\/Bayrak03.gif\" alt=\"This image has an empty alt attribute; its file name is Bayrak03.gif\" \/>\u00a0 \u00a0 <code><span style=\"color: #ffffff; font-family: Arial Black; font-size: x-large;\">\u00a0 \u00a0\u00c7anakkale\u2019de En \u00d6nemli Zafer Anlar\u0131ndan Biri.  \u00a0<\/span><\/code><code><\/code><code><img decoding=\"async\" src=\"https:\/\/haskurt.com\/40\/wp-content\/uploads\/2024\/07\/Bayrak03.gif\" alt=\"This image has an empty alt attribute; its file name is kirsehir03.gif\" \/><\/code><\/strong><code><\/code><\/h1>\n\n\n<p><strong>\u00c7anakkale Zaferi i\u00e7in Osmanl\u0131 ordusu bo\u011fazda bulunan donanmas\u0131n\u0131 g\u00fc\u00e7lendirdi ve k\u0131y\u0131lara gemilerden s\u00f6k\u00fclm\u00fc\u015f olan toplar yerle\u015ftirildi. May\u0131n hatlar\u0131 s\u0131raland\u0131 ve her iki yakada da seyyar bataryalar olu\u015fturuldu. \u0130tilaf devletlerinin sava\u015f gemileri top\u00e7u at\u0131\u015f\u0131ndan ka\u00e7arken Nusret taraf\u0131ndan d\u00f6\u015fenmi\u015f may\u0131nlara yakaland\u0131 ve son darbe Nusret\u2019ten geldi. 7 Mart\u2019\u0131 8 Mart\u2019a ba\u011flayan gecenin yar\u0131s\u0131nda Nusret may\u0131n gemisi tarih yazarak bo\u011faz\u0131n sular\u0131na g\u00f6m\u00fcld\u00fc.<\/strong><\/p>\n\n\n<h1 class=\"wp-block-heading has-text-align-center has-white-color has-text-color has-background\" style=\"background-color: #34495e; font-size: 0px; font-style: normal; font-weight: bold; text-align: center;\" align=\"center\"><strong><img decoding=\"async\" class=\"alignnone\" src=\"https:\/\/haskurt.com\/40\/wp-content\/uploads\/2024\/07\/Bayrak03.gif\" alt=\"This image has an empty alt attribute; its file name is Bayrak03.gif\" \/>\u00a0 \u00a0 <code><span style=\"color: #ffffff; font-family: Arial Black; font-size: x-large;\">\u00a0 \ud83d\udc3a HasKurt \ud83d\udc3a  \u00a0<\/span><\/code><code><\/code><code><img decoding=\"async\" src=\"https:\/\/haskurt.com\/40\/wp-content\/uploads\/2024\/07\/Bayrak03.gif\" alt=\"This image has an empty alt attribute; its file name is kirsehir03.gif\" \/><\/code><\/strong><code><\/code><\/h1>\n\n\n<head>\n<meta http-equiv=\"Content-Type\" content=\"text\/html; charset=windows-1254\">\n<meta http-equiv=\"Content-Language\" content=\"tr\">\n<\/head>\n\n<table border=\"0\" width=\"100%\" cellspacing=\"0\" cellpadding=\"0\">\n\t<tr>\n\t\t<td>\n\t\t<p align=\"center\">\n\t\t<img loading=\"lazy\" decoding=\"async\" border=\"0\" src=\"https:\/\/haskurt.com\/40\/wp-content\/uploads\/2024\/07\/HasKurt2005A.gif\" width=\"200\" height=\"120\"><\/td>\n\t\t<td>\n\t\t<p align=\"center\">\n\t\t<img loading=\"lazy\" decoding=\"async\" border=\"0\" src=\"https:\/\/haskurt.com\/40\/wp-content\/uploads\/2024\/07\/OsmanliImparatorlugu_1882\u20131922.svg_.png\" width=\"120\" height=\"120\"><\/td>\n\t\t<td>\n\t\t<p align=\"center\">\n\t\t<img loading=\"lazy\" decoding=\"async\" border=\"0\" src=\"https:\/\/haskurt.com\/40\/wp-content\/uploads\/2024\/07\/Bayrak03.gif\" width=\"163\" height=\"120\"><\/td>\n\t\t<td>\n\t\t<p align=\"center\">\n\t\t<img loading=\"lazy\" decoding=\"async\" border=\"0\" src=\"https:\/\/haskurt.com\/40\/wp-content\/uploads\/2024\/07\/HasKurt2014A.gif\" width=\"200\" height=\"120\"><\/td>\n\t<\/tr>\n<\/table>\n<table border=\"0\" width=\"100%\" cellspacing=\"0\" cellpadding=\"0\">\n\t<tr>\n\t\t<td>\n\t\t<p align=\"center\">\n\t\t<img decoding=\"async\" border=\"0\" src=\"https:\/\/haskurt.com\/40\/wp-content\/uploads\/2024\/07\/100YilTurkiye.png\" width=\"100%\" height=\"60\"><\/td>\n\t<\/tr>\n\t<tr>\n\t\t<td>\n\t\t<p align=\"center\">\n\t\t&nbsp;<\/td>\n\t<\/tr>\n<\/table>\n<table border=\"0\" width=\"100%\" cellspacing=\"0\" cellpadding=\"0\">\n\t<tr>\n\t\t<td>\n\t\t<p align=\"center\">\n\t\t<img loading=\"lazy\" decoding=\"async\" border=\"0\" src=\"https:\/\/haskurt.com\/40\/wp-content\/uploads\/2024\/07\/Bayrak03.gif\" width=\"68\" height=\"50\"><\/td>\n\t\t<td>\n\t\t<p align=\"center\">\n\t\t<img loading=\"lazy\" decoding=\"async\" border=\"0\" src=\"https:\/\/haskurt.com\/40\/wp-content\/uploads\/2024\/07\/hurgokbayrak.gif\" width=\"68\" height=\"50\"><\/td>\n\t\t<td>\n\t\t<p align=\"center\">\n\t\t<img loading=\"lazy\" decoding=\"async\" border=\"0\" src=\"https:\/\/haskurt.com\/40\/wp-content\/uploads\/2024\/08\/01AzerbaycanA.gif\" width=\"68\" height=\"50\"><\/td>\n\t\t<td>\n\t\t<p align=\"center\">\n\t\t<img loading=\"lazy\" decoding=\"async\" border=\"0\" src=\"https:\/\/haskurt.com\/40\/wp-content\/uploads\/2024\/07\/HasKurt.gif\" width=\"90\" height=\"86\"><\/td>\n\t\t<td>\n\t\t<p align=\"center\">\n\t\t<font face=\"Arial Black\" size=\"2\" style=\"box-sizing: border-box; color: rgb(32, 32, 32); font-size: 21.98px; font-style: normal; font-variant-ligatures: normal; font-variant-caps: normal; font-weight: 400; letter-spacing: normal; orphans: 2; text-align: left; text-indent: 0px; text-transform: none; widows: 2; word-spacing: 0px; -webkit-text-stroke-width: 0px; white-space: normal; text-decoration-thickness: initial; text-decoration-style: initial; text-decoration-color: initial; margin: 0px; padding: 0px\">\n\t\te \u2013 Posta<span lang=\"nl\" style=\"box-sizing: border-box; margin: 0px; padding: 0px;\">:<\/span><\/font><font color=\"#0000FF\" face=\"Arial Black\" style=\"box-sizing: border-box; margin: 0px; padding: 0px; font-size: 21.98px; font-style: normal; font-variant-ligatures: normal; font-variant-caps: normal; font-weight: 400; letter-spacing: normal; orphans: 2; text-align: left; text-indent: 0px; text-transform: none; widows: 2; word-spacing: 0px; -webkit-text-stroke-width: 0px; white-space: normal; text-decoration-thickness: initial; text-decoration-style: initial; text-decoration-color: initial;\"><span lang=\"nl\" style=\"box-sizing: border-box; margin: 0px; padding: 0px;\"><font face=\"Arial Black\" size=\"2\" style=\"box-sizing: border-box; margin: 0px; padding: 0px;\">&nbsp;&nbsp; <\/font><\/span><i style=\"box-sizing: border-box; margin: 0px; padding: 0px;\"><font face=\"Times New Roman\" style=\"box-sizing: border-box; margin: 0px; padding: 0px;\"><u style=\"box-sizing: border-box; margin: 0px; padding: 0px;\"><a style=\"box-sizing: border-box; text-decoration: none; font-size: 22px; font-family: Arial Black; font-weight: 700; font-style: normal; text-shadow: none; text-align: left; margin: 0px; padding: 0px; background-color: transparent\" href=\"mailto:haskurt@hotmail.com\">HasKurt \n\t\t\u00d6zKurt<\/a><\/u><\/font><\/i><\/font><p align=\"center\">\n\t\t<font face=\"Arial Black\" style=\"box-sizing: border-box; margin: 0px; padding: 0px; color: rgb(0, 0, 255); font-family: &quot;Arial Black&quot;; font-size: 21.98px; font-style: normal; font-variant-ligatures: normal; font-variant-caps: normal; font-weight: 400; letter-spacing: normal; orphans: 2; text-align: left; text-indent: 0px; text-transform: none; widows: 2; word-spacing: 0px; -webkit-text-stroke-width: 0px; white-space: normal; text-decoration-thickness: initial; text-decoration-style: initial; text-decoration-color: initial;\">\n\t\t<font size=\"2\" face=\"Arial Black\" style=\"box-sizing: border-box; margin: 0px; padding: 0px;\">\n\t\tBu site<span lang=\"nl\"> <\/span><\/font>&nbsp;<font color=\"#0000FF\" face=\"Arial Black\" style=\"box-sizing: border-box; margin: 0px; padding: 0px;\"><u style=\"box-sizing: border-box; margin: 0px; padding: 0px;\"><i style=\"box-sizing: border-box; margin: 0px; padding: 0px;\"><a style=\"box-sizing: border-box; margin: 0px; padding: 0px; color: rgb(51, 103, 153); text-decoration: none; background-color: transparent; font-size: 22px; font-family: Arial; font-weight: 400; font-style: normal; text-shadow: none; text-align: left;\" href=\"mailto:haskurt@hotmail.com\">HasKurt\n\t\t<span lang=\"nl\">&nbsp;<\/span>\u00d6zKurt<\/a><\/i><\/u><\/font><\/font><u style=\"box-sizing: border-box; margin: 0px; padding: 0px; color: rgb(0, 0, 255); font-family: &quot;Arial Black&quot;; font-size: 21.98px; font-style: normal; font-variant-ligatures: normal; font-variant-caps: normal; font-weight: 400; letter-spacing: normal; orphans: 2; text-align: left; text-indent: 0px; text-transform: none; widows: 2; word-spacing: 0px; -webkit-text-stroke-width: 0px; white-space: normal;\"><font face=\"Arial Black\" size=\"2\" style=\"box-sizing: border-box; margin: 0px; padding: 0px;\"><span lang=\"nl\">&nbsp;\n\t\t<\/span>Taraf<span lang=\"ES-TRAD\" style=\"box-sizing: border-box; margin: 0px; padding: 0px;\">&#305;<\/span>ndan\n\t\t<span lang=\"nl\">&nbsp;<\/span>haz<\/font><font size=\"3\" face=\"Arial Black\" style=\"box-sizing: border-box; margin: 0px; padding: 0px;\"><span lang=\"ES-TRAD\" style=\"box-sizing: border-box; margin: 0px; padding: 0px; font-size: 10pt; font-family: &quot;Arial Black&quot;;\">&#305;<\/span><\/font><font face=\"Arial Black\" size=\"2\" style=\"box-sizing: border-box; margin: 0px; padding: 0px;\">rlanmaktad<\/font><font size=\"3\" face=\"Arial Black\" style=\"box-sizing: border-box; margin: 0px; padding: 0px;\"><span lang=\"ES-TRAD\" style=\"box-sizing: border-box; margin: 0px; padding: 0px; font-size: 10pt; font-family: &quot;Arial Black&quot;;\">&#305;<\/span><\/font><font face=\"Arial Black\" size=\"2\" style=\"box-sizing: border-box; margin: 0px; padding: 0px;\">r<\/font><\/u><\/td>\n\t\t<td>\n\t\t<p align=\"center\">\n\t\t<img loading=\"lazy\" decoding=\"async\" border=\"0\" src=\"https:\/\/haskurt.com\/40\/wp-content\/uploads\/2024\/07\/Bayrak03.gif\" width=\"68\" height=\"50\"><\/td>\n\t\t<td>\n\t\t<p align=\"center\">\n\t\t<img loading=\"lazy\" decoding=\"async\" border=\"0\" src=\"https:\/\/haskurt.com\/40\/wp-content\/uploads\/2024\/07\/hurgokbayrak.gif\" width=\"68\" height=\"50\"><\/td>\n\t\t<td>\n\t\t<p align=\"center\">\n\t\t<img loading=\"lazy\" decoding=\"async\" border=\"0\" src=\"https:\/\/haskurt.com\/40\/wp-content\/uploads\/2024\/08\/01AzerbaycanA.gif\" width=\"68\" height=\"50\"><\/td>\n\t\t<td>\n\t\t<p align=\"center\">\n\t\t<img loading=\"lazy\" decoding=\"async\" border=\"0\" src=\"https:\/\/haskurt.com\/40\/wp-content\/uploads\/2024\/07\/HasKurt.gif\" width=\"90\" height=\"86\"><\/td>\n\t<\/tr>\n<\/table>\n<\/html>\n","protected":false},"excerpt":{"rendered":"<p>\u00a0 \u00a0 \u00a0 \u00a0\u00c7anakkale Sava\u015f\u0131 \u00a0 1. D\u00fcnya Sava\u015f\u0131\u2019nda \u00c7anakkale\u2019de yakla\u015f\u0131k 2 y\u0131l s\u00fcren deniz ve kara sava\u015flar\u0131 Osmanl\u0131 Devleti\u2019nin zaferiyle sonu\u00e7land\u0131. Peki \u00c7anakkale Sava\u015f\u0131 ne zaman ba\u015flad\u0131 ve ne zaman bitti? \u00c7anakkale Sava\u015f\u0131 kimlerle yap\u0131ld\u0131? \u00c7anakkale Sava\u015f\u0131\u2019n\u0131 kim kazand\u0131? &hellip;<\/p>\n<p><a href=\"https:\/\/haskurt.com\/40\/canakkale-savasi\/\">Continue Reading<span class=\"meta-nav\">&rarr;<\/span><\/a><\/p>\n","protected":false},"author":1,"featured_media":0,"parent":0,"menu_order":0,"comment_status":"closed","ping_status":"closed","template":"page-templates\/haskurt_page.php","meta":{"footnotes":""},"class_list":["post-44","page","type-page","status-publish","hentry"],"_links":{"self":[{"href":"https:\/\/haskurt.com\/40\/wp-json\/wp\/v2\/pages\/44","targetHints":{"allow":["GET"]}}],"collection":[{"href":"https:\/\/haskurt.com\/40\/wp-json\/wp\/v2\/pages"}],"about":[{"href":"https:\/\/haskurt.com\/40\/wp-json\/wp\/v2\/types\/page"}],"author":[{"embeddable":true,"href":"https:\/\/haskurt.com\/40\/wp-json\/wp\/v2\/users\/1"}],"replies":[{"embeddable":true,"href":"https:\/\/haskurt.com\/40\/wp-json\/wp\/v2\/comments?post=44"}],"version-history":[{"count":12,"href":"https:\/\/haskurt.com\/40\/wp-json\/wp\/v2\/pages\/44\/revisions"}],"predecessor-version":[{"id":1849,"href":"https:\/\/haskurt.com\/40\/wp-json\/wp\/v2\/pages\/44\/revisions\/1849"}],"wp:attachment":[{"href":"https:\/\/haskurt.com\/40\/wp-json\/wp\/v2\/media?parent=44"}],"curies":[{"name":"wp","href":"https:\/\/api.w.org\/{rel}","templated":true}]}}