{"id":248,"date":"2024-07-14T20:27:10","date_gmt":"2024-07-14T20:27:10","guid":{"rendered":"https:\/\/haskurt.com\/40\/?page_id=248"},"modified":"2026-01-29T16:47:52","modified_gmt":"2026-01-29T16:47:52","slug":"timur","status":"publish","type":"page","link":"https:\/\/haskurt.com\/40\/timur\/","title":{"rendered":"Timur"},"content":{"rendered":"<h1 class=\"wp-block-heading has-text-align-center has-white-color has-text-color has-background\" style=\"background-color: #34495e; font-size: 0px; font-style: normal; font-weight: bold; text-align: center;\" align=\"center\"><strong><img decoding=\"async\" class=\"alignnone\" src=\"https:\/\/haskurt.com\/40\/wp-content\/uploads\/2024\/07\/Bayrak03.gif\" alt=\"This image has an empty alt attribute; its file name is Bayrak03.gif\" \/>\u00a0 \u00a0 <code><span style=\"color: #ffffff; font-family: Arial Black; font-size: x-large;\">\u00a0 \u00a0Timur Devleti \u00a0<\/span><\/code><code><\/code><code><img decoding=\"async\" src=\"https:\/\/haskurt.com\/40\/wp-content\/uploads\/2024\/07\/hurgokbayrak.gif\" alt=\"This image has an empty alt attribute; its file name is kirsehir03.gif\" \/><\/code><\/strong><code><\/code><\/h1>\n\n\n<figure class=\"wp-block-image size-full is-resized\"><img loading=\"lazy\" decoding=\"async\" width=\"600\" height=\"450\" src=\"https:\/\/haskurt.com\/40\/wp-content\/uploads\/2024\/07\/Timur-Haritasi.jpg\" alt=\"\" class=\"wp-image-249\" style=\"width:1121px;height:auto\" srcset=\"https:\/\/haskurt.com\/40\/wp-content\/uploads\/2024\/07\/Timur-Haritasi.jpg 600w, https:\/\/haskurt.com\/40\/wp-content\/uploads\/2024\/07\/Timur-Haritasi-300x225.jpg 300w\" sizes=\"auto, (max-width: 600px) 100vw, 600px\" \/><\/figure>\n\n\n\n<p>Timur Han taraf\u0131ndan 1370 y\u0131l\u0131nda kurulmu\u015f, k\u0131sa s\u00fcre i\u00e7erisinde Delhi\u2019den Bursa\u2019ya kadar uzanan geni\u015f co\u011frafyay\u0131 h\u00e2kimiyeti alt\u0131na alm\u0131\u015f, Timur Han\u2019\u0131n vefat\u0131 \u00fczerine par\u00e7alan\u0131p y\u0131k\u0131lm\u0131\u015f b\u00fcy\u00fck T\u00fcrk Devletidir.<\/p>\n\n\n\n<p>Timur Devleti, Timur Han taraf\u0131ndan 1370 y\u0131l\u0131nda kurulmu\u015f, k\u0131sa s\u00fcre i\u00e7erisinde Delhi\u2019den Bursa\u2019ya kadar uzanan geni\u015f co\u011frafyay\u0131 h\u00e2kimiyeti alt\u0131na alm\u0131\u015f, Timur Han\u2019\u0131n vefat\u0131 \u00fczerine par\u00e7alan\u0131p y\u0131k\u0131lm\u0131\u015f b\u00fcy\u00fck T\u00fcrk Devletidir.<\/p>\n\n\n\n<p>Timur, 20\u2019li ya\u015flar\u0131na geldi\u011finde Semerkant B\u00f6lgesi Hanlar aras\u0131ndaki m\u00fccadelelere ve i\u00e7 kar\u0131\u015f\u0131kl\u0131klar sahne oluyordu. Do\u011fu T\u00fcrkistan b\u00f6lgesinde h\u00e2kimiyet kurmu\u015f olan Mo\u011fol H\u00fck\u00fcmdar\u0131 Tu\u011flak Timur, b\u00f6lgedeki kar\u0131\u015f\u0131kl\u0131klara son vermek i\u00e7in Semerkant\u2019a girdi\u011finde Timur, boyunun reisi olarak kendisine ba\u011fl\u0131l\u0131\u011f\u0131n\u0131 bildirdi. Tu\u011flak Timur, b\u00f6lgedeki kar\u0131\u015f\u0131kl\u0131klara son verip o\u011flu \u0130lyas Hoca\u2019y\u0131 Mavera\u00fcnnehir\u2019e Vali tayin etti ve Timur\u2019u \u0130lyas Hoca\u2019n\u0131n atabeyi yapt\u0131. \u0130lyas Hoca Semerkant\u2019\u0131 zul\u00fcm ve bask\u0131yla y\u00f6netmekteydi. Ba\u011fba\u015f\u0131\u2019n\u0131n Mo\u011fol H\u00fck\u00fcmdar\u0131 olmas\u0131 onu daha da pervas\u0131zca hareket etmeye sevk ediyordu. Atabey Timur, Vali \u0130lyas Hoca\u2019n\u0131n halk \u00fczerinde uygulad\u0131\u011f\u0131 zul\u00fcmlere g\u00f6z yummad\u0131. Mavera\u00fcnnehir emirlerinden H\u00fcseyin ile ittifak kurdular ve b\u00f6lgedeki Mo\u011fol H\u00e2kimiyetine meydan okuyarak Horasan\u2019a girdiler. Timur, bu hamlesi ile Mo\u011fol H\u00fck\u00fcmdar\u0131 Tu\u011flak Timur\u2019a ba\u011fl\u0131l\u0131\u011f\u0131n\u0131 ortadan kald\u0131rm\u0131\u015f ve isyan etmi\u015f oluyordu. Zira art\u0131k Mo\u011fol H\u00fck\u00fcmdar\u0131na ba\u011fl\u0131 bir Atabey olmakla yetinmeyecektir ve Timur Devletinin temellerini atmaya te\u015febb\u00fcs etmi\u015ftir.<\/p>\n\n\n\n<p>Timur, Emir H\u00fcseyin ile ittifak ederek Horasan\u2019a girdiler ve b\u00f6lgeyi h\u00e2kimiyetleri alt\u0131na ald\u0131lar. Ancak bu ittifak uzun s\u00fcrmedi. Horasan\u2019\u0131n idaresi ile ilgili meselelerde anla\u015fmazl\u0131\u011fa d\u00fc\u015fen Emir H\u00fcseyin ile Timur, h\u00e2kimiyeti tek ba\u015flar\u0131na ele ge\u00e7irmek i\u00e7in Belh\u2019de kar\u015f\u0131 kar\u015f\u0131ya geldiler. Timur, bu sava\u015fta galip gelerek Emir H\u00fcseyin\u2019i Horasan\u2019dan kovdu ve T\u00fcrk Tarihinin en \u00f6nemli beldelerinden biri Horasan\u2019\u0131n h\u00e2kimiyetini eline alarak kendisini T\u00fcrk D\u00fcnyas\u0131n\u0131n yeg\u00e2ne h\u00fck\u00fcmdar\u0131 ilan etti (1369).<\/p>\n\n\n\n\n\n<figure class=\"wp-block-image size-full is-resized\"><img loading=\"lazy\" decoding=\"async\" width=\"600\" height=\"450\" src=\"https:\/\/haskurt.com\/40\/wp-content\/uploads\/2024\/07\/Timur-Bayragi.jpg\" alt=\"\" class=\"wp-image-250\" style=\"width:1120px;height:auto\" srcset=\"https:\/\/haskurt.com\/40\/wp-content\/uploads\/2024\/07\/Timur-Bayragi.jpg 600w, https:\/\/haskurt.com\/40\/wp-content\/uploads\/2024\/07\/Timur-Bayragi-300x225.jpg 300w\" sizes=\"auto, (max-width: 600px) 100vw, 600px\" \/><\/figure>\n\n\n\n<p>Timur Han, Horasan Merkezinde kurdu\u011fu h\u00e2kimiyetini k\u0131sa s\u00fcre i\u00e7erisinde te\u015fkilatland\u0131rarak tam anlam\u0131yla ba\u011f\u0131ms\u0131z ve g\u00fc\u00e7l\u00fc bir devlet haline getirdi (1370). Mavera\u00fcnnehire h\u00e2kim olan Mo\u011follar\u0131n b\u00f6lgeyi Valiler ve Emirler ile uzaktan y\u00f6netiyor olmas\u0131 hasebiyle ortaya \u00e7\u0131km\u0131\u015f olan otorite bo\u015flu\u011fu Timur Han\u2019\u0131n i\u015fine yarad\u0131. G\u00fc\u00e7l\u00fc bir Merkezi bir otoriteye ba\u011flanmak isteyen T\u00fcrk ve Mo\u011fol kabileleri Timur Han\u2019a ba\u011fl\u0131l\u0131klar\u0131n\u0131 iletmeye ba\u015flam\u0131\u015flard\u0131. Bu durum Mo\u011fol Hanl\u0131\u011f\u0131 olan \u00c7a\u011fatay H\u00fck\u00fcmdarl\u0131\u011f\u0131n\u0131n g\u00fc\u00e7 kaybetmesine yol a\u00e7t\u0131. Timur Han, Birka\u00e7 y\u0131l i\u00e7erisinde Horasan ve Mavera\u00fcnnehir\u2019deki h\u00e2kimiyetini peki\u015ftirdi ve Mavera\u00fcnnehir\u2019in yeg\u00e2ne h\u00e2kimi durumuna geldi.<\/p>\n\n\n\n<p>Timur Han, Mavera\u00fcnnehir b\u00f6lgesinde h\u00e2kimiyetini peki\u015ftirirken Do\u011fu Avrupa\u2019dan Do\u011fu T\u00fcrkistan\u2019a kadar uzanan co\u011frafyaya yay\u0131lm\u0131\u015f olan B\u00fcy\u00fck Mo\u011fol H\u00fck\u00fcmdarl\u0131\u011f\u0131 zay\u0131flam\u0131\u015f, hem kom\u015fu devletlerle m\u00fccadele etmek hem de saltanat m\u00fccadeleleri ile ba\u015f etmek zorunda kalm\u0131\u015flard\u0131. Mo\u011fol H\u00fck\u00fcmdar\u0131 Cengiz Han\u2019\u0131n torunlar\u0131, Dedelerinin fethetti\u011fi co\u011frafyalara sahip \u00e7\u0131kam\u0131yorlard\u0131. Mo\u011follar\u0131n Bat\u0131 kanad\u0131n\u0131 olu\u015fturan Alt\u0131n Orda devleti de K\u0131p\u00e7aklar, Uzlar ve Pe\u00e7enekler\u2019i y\u0131km\u0131\u015f ancak bu T\u00fcrk Toplumlar\u0131n\u0131 b\u00fcnyelerine ald\u0131ktan sonra T\u00fcrkle\u015fmeye ba\u015flam\u0131\u015flard\u0131. Zaten K\u00fclt\u00fcrel bak\u0131mdan T\u00fcrkle\u015fmi\u015f olan Mo\u011follar, y\u0131k\u0131lan T\u00fcrk Devletlerinin tebaalar\u0131n\u0131 da b\u00fcnyelerine kat\u0131nca Devlet Te\u015fkilatlanmas\u0131nda T\u00fcrklerin \u00f6n plana \u00e7\u0131kmas\u0131 ile T\u00fcrk-Mo\u011fol Devletlerine d\u00f6n\u00fc\u015fm\u00fc\u015flerdi.<\/p>\n\n\n\n<p>T\u00fcrkle\u015fen Mo\u011fol Devletlerinden biri olan Alt\u0131n Orda Devleti, Avrupa\u2019daki krall\u0131klar\u0131n g\u00fc\u00e7lenmesi ve ya\u015fanan saltanat m\u00fccadeleleri nedeniyle zor g\u00fcnler ge\u00e7iriyorlard\u0131. Bu tarihlerde Mo\u011fol H\u00fck\u00fcmdar\u0131 Tu\u011flak Timur\u2019un o\u011flu Toktam\u0131\u015f, babas\u0131n\u0131n \u00f6ld\u00fcr\u00fclmesi \u00fczerine Timur Han\u2019a s\u0131\u011f\u0131nm\u0131\u015ft\u0131 (1375). Timur Han, Toktam\u0131\u015f\u2019\u0131 himaye edip destek verdi. Toktam\u0131\u015f, Timur Han\u2019\u0131n himayesi ve deste\u011fiyle g\u00fc\u00e7lenerek Mo\u011follar\u0131n Bat\u0131 kanad\u0131 olan Alt\u0131n Orda Devletinin i\u00e7erisinde bulundu\u011fu i\u00e7 kar\u0131\u015f\u0131kl\u0131klardan istifade ederek Alt\u0131n Orda Devletinin do\u011fu kanad\u0131 olan Ak Orda Devletine taarruz etti (1375). Toktam\u0131\u015f, Timur Han\u2019dan ald\u0131\u011f\u0131 destekle daha da g\u00fc\u00e7lenerek Devletini ele ge\u00e7irdi ve T\u00fcrk Mo\u011fol Devleti olan Alt\u0131n Orda Devletinin h\u00fck\u00fcmdar\u0131 oldu (1378).<\/p>\n\n\n\n<p>Timur Han, Mavera\u00fcnnehir\u2019deki Mo\u011fol H\u00e2kimiyetine son vererek kendi Devletini Kurmu\u015f, bat\u0131da ise Mo\u011fol Ard\u0131llar\u0131 olan T\u00fcrk Mo\u011fol Devleti Alt\u0131n Orda Devletinin yeniden birle\u015fmesini ve g\u00fc\u00e7lenmesini sa\u011flam\u0131\u015ft\u0131. 1380\u2019li y\u0131llardan sonra Mavera\u00fcnnehir Mo\u011fol kimli\u011finden s\u0131yr\u0131larak T\u00fcrk Yurdu haline geldi. Zira \u00c7a\u011fatay Mo\u011follar\u0131, bir T\u00fcrk Devleti olarak ilan edilen Timur Devletinin tabiiyetini kabul etmi\u015f, Mo\u011follar devlet te\u015fkilatlanmas\u0131 i\u00e7erisinde \u00f6ne \u00e7\u0131kart\u0131lmayarak M\u00fcsl\u00fcman T\u00fcrk Kimli\u011fi benimsenmi\u015ftir. 1380-1390 y\u0131llar\u0131 aras\u0131nda s\u00fcren T\u00fcrkle\u015fme, b\u00f6lgeye g\u00f6\u00e7 eden \u00d6zbeklerin Mo\u011fol kabilelerin n\u00fcfuzlar\u0131na bask\u0131n hale gelmesiyle daha da peki\u015fti. Kalabal\u0131k kitleleri ve g\u00fc\u00e7l\u00fc ordusuyla \u00f6nemli bir g\u00fc\u00e7 unsuru olan \u00d6zbekler, \u00f6nce Azerbaycan ve Hazar b\u00f6lgelerinde ya\u015fam m\u00fccadelesi vermi\u015f, sonras\u0131nda ise Mo\u011follar\u0131n bask\u0131lar\u0131na maruz kalarak Mavera\u00fcnnehir\u2019e g\u00f6\u00e7 etmek zorunda kalm\u0131\u015flard\u0131. \u00d6zbeklerin Timur Han\u2019a tabii olmalar\u0131 Mavera\u00fcnnehir\u2019deki demografik yap\u0131y\u0131 derinden etkiledi. \u00c7a\u011fatay Mo\u011follar\u0131, n\u00fcfus bak\u0131m\u0131ndan az\u0131nl\u0131k haline geldi ve M\u00fcsl\u00fcman kimliklerini muhafaza eden \u00d6zbekler b\u00f6lgedeki Karahall\u0131, Gazneli ve Sel\u00e7uklu kal\u0131nt\u0131lar\u0131yla b\u00fcy\u00fck bir kitle olu\u015fturarak zaten k\u00fclt\u00fcrel olarak T\u00fcrkle\u015fmi\u015f olan Semerkant b\u00f6lgesini demografik olarak da bir T\u00fcrk Yurdu haline getirdi. Mavera\u00fcnnehir\u2019in K\u00fclt\u00fcrel ve Politik olarak tam te\u015fekk\u00fcll\u00fc bir T\u00fcrk Yurdu haline gelmesi Timur Han\u2019\u0131n h\u00e2kimiyetine fevkalade katk\u0131da bulundu. Bu tarihten sonra Timur Devleti \u0130\u00e7 Asya\u2019n\u0131n en b\u00fcy\u00fck devletlerinden biri haline gelecek, bir cihan imparatorlu\u011fu olacakt\u0131r.<\/p>\n\n\n<h1 class=\"wp-block-heading has-text-align-center has-white-color has-text-color has-background\" style=\"background-color: #34495e; font-size: 0px; font-style: normal; font-weight: bold; text-align: center;\" align=\"center\"><strong><img decoding=\"async\" class=\"alignnone\" src=\"https:\/\/haskurt.com\/40\/wp-content\/uploads\/2024\/07\/Bayrak03.gif\" alt=\"This image has an empty alt attribute; its file name is Bayrak03.gif\" \/>\u00a0 \u00a0 <code><span style=\"color: #ffffff; font-family: Arial Black; font-size: x-large;\">\u00a0 \ud83d\udc3a HasKurt \ud83d\udc3a  \u00a0<\/span><\/code><code><\/code><code><img decoding=\"async\" src=\"https:\/\/haskurt.com\/40\/wp-content\/uploads\/2024\/07\/Bayrak03.gif\" alt=\"This image has an empty alt attribute; its file name is kirsehir03.gif\" \/><\/code><\/strong><code><\/code><\/h1>\n\n\n<head>\n<meta http-equiv=\"Content-Type\" content=\"text\/html; charset=windows-1254\">\n<meta http-equiv=\"Content-Language\" content=\"tr\">\n<\/head>\n\n<table border=\"0\" width=\"100%\" cellspacing=\"0\" cellpadding=\"0\">\n\t<tr>\n\t\t<td>\n\t\t<p align=\"center\">\n\t\t<img loading=\"lazy\" decoding=\"async\" border=\"0\" src=\"https:\/\/haskurt.com\/40\/wp-content\/uploads\/2024\/07\/HasKurt2005A.gif\" width=\"200\" height=\"120\"><\/td>\n\t\t<td>\n\t\t<p align=\"center\">\n\t\t<img loading=\"lazy\" decoding=\"async\" border=\"0\" src=\"https:\/\/haskurt.com\/40\/wp-content\/uploads\/2024\/07\/OsmanliImparatorlugu_1882\u20131922.svg_.png\" width=\"120\" height=\"120\"><\/td>\n\t\t<td>\n\t\t<p align=\"center\">\n\t\t<img loading=\"lazy\" decoding=\"async\" border=\"0\" src=\"https:\/\/haskurt.com\/40\/wp-content\/uploads\/2024\/07\/Bayrak03.gif\" width=\"163\" height=\"120\"><\/td>\n\t\t<td>\n\t\t<p align=\"center\">\n\t\t<img loading=\"lazy\" decoding=\"async\" border=\"0\" src=\"https:\/\/haskurt.com\/40\/wp-content\/uploads\/2024\/07\/HasKurt2014A.gif\" width=\"200\" height=\"120\"><\/td>\n\t<\/tr>\n<\/table>\n<table border=\"0\" width=\"100%\" cellspacing=\"0\" cellpadding=\"0\">\n\t<tr>\n\t\t<td>\n\t\t<p align=\"center\">\n\t\t<img decoding=\"async\" border=\"0\" src=\"https:\/\/haskurt.com\/40\/wp-content\/uploads\/2024\/07\/100YilTurkiye.png\" width=\"100%\" height=\"60\"><\/td>\n\t<\/tr>\n\t<tr>\n\t\t<td>\n\t\t<p align=\"center\">\n\t\t&nbsp;<\/td>\n\t<\/tr>\n<\/table>\n<table border=\"0\" width=\"100%\" cellspacing=\"0\" cellpadding=\"0\">\n\t<tr>\n\t\t<td>\n\t\t<p align=\"center\">\n\t\t<img loading=\"lazy\" decoding=\"async\" border=\"0\" src=\"https:\/\/haskurt.com\/40\/wp-content\/uploads\/2024\/07\/Bayrak03.gif\" width=\"68\" height=\"50\"><\/td>\n\t\t<td>\n\t\t<p align=\"center\">\n\t\t<img loading=\"lazy\" decoding=\"async\" border=\"0\" src=\"https:\/\/haskurt.com\/40\/wp-content\/uploads\/2024\/07\/hurgokbayrak.gif\" width=\"68\" height=\"50\"><\/td>\n\t\t<td>\n\t\t<p align=\"center\">\n\t\t<img loading=\"lazy\" decoding=\"async\" border=\"0\" src=\"https:\/\/haskurt.com\/40\/wp-content\/uploads\/2024\/08\/01AzerbaycanA.gif\" width=\"68\" height=\"50\"><\/td>\n\t\t<td>\n\t\t<p align=\"center\">\n\t\t<img loading=\"lazy\" decoding=\"async\" border=\"0\" src=\"https:\/\/haskurt.com\/40\/wp-content\/uploads\/2024\/07\/HasKurt.gif\" width=\"90\" height=\"86\"><\/td>\n\t\t<td>\n\t\t<p align=\"center\">\n\t\t<font face=\"Arial Black\" size=\"2\" style=\"box-sizing: border-box; color: rgb(32, 32, 32); font-size: 21.98px; font-style: normal; font-variant-ligatures: normal; font-variant-caps: normal; font-weight: 400; letter-spacing: normal; orphans: 2; text-align: left; text-indent: 0px; text-transform: none; widows: 2; word-spacing: 0px; -webkit-text-stroke-width: 0px; white-space: normal; text-decoration-thickness: initial; text-decoration-style: initial; text-decoration-color: initial; margin: 0px; padding: 0px\">\n\t\te \u2013 Posta<span lang=\"nl\" style=\"box-sizing: border-box; margin: 0px; padding: 0px;\">:<\/span><\/font><font color=\"#0000FF\" face=\"Arial Black\" style=\"box-sizing: border-box; margin: 0px; padding: 0px; font-size: 21.98px; font-style: normal; font-variant-ligatures: normal; font-variant-caps: normal; font-weight: 400; letter-spacing: normal; orphans: 2; text-align: left; text-indent: 0px; text-transform: none; widows: 2; word-spacing: 0px; -webkit-text-stroke-width: 0px; white-space: normal; text-decoration-thickness: initial; text-decoration-style: initial; text-decoration-color: initial;\"><span lang=\"nl\" style=\"box-sizing: border-box; margin: 0px; padding: 0px;\"><font face=\"Arial Black\" size=\"2\" style=\"box-sizing: border-box; margin: 0px; padding: 0px;\">&nbsp;&nbsp; <\/font><\/span><i style=\"box-sizing: border-box; margin: 0px; padding: 0px;\"><font face=\"Times New Roman\" style=\"box-sizing: border-box; margin: 0px; padding: 0px;\"><u style=\"box-sizing: border-box; margin: 0px; padding: 0px;\"><a style=\"box-sizing: border-box; text-decoration: none; font-size: 22px; font-family: Arial Black; font-weight: 700; font-style: normal; text-shadow: none; text-align: left; margin: 0px; padding: 0px; background-color: transparent\" href=\"mailto:haskurt@hotmail.com\">HasKurt \n\t\t\u00d6zKurt<\/a><\/u><\/font><\/i><\/font><p align=\"center\">\n\t\t<font face=\"Arial Black\" style=\"box-sizing: border-box; margin: 0px; padding: 0px; color: rgb(0, 0, 255); font-family: &quot;Arial Black&quot;; font-size: 21.98px; font-style: normal; font-variant-ligatures: normal; font-variant-caps: normal; font-weight: 400; letter-spacing: normal; orphans: 2; text-align: left; text-indent: 0px; text-transform: none; widows: 2; word-spacing: 0px; -webkit-text-stroke-width: 0px; white-space: normal; text-decoration-thickness: initial; text-decoration-style: initial; text-decoration-color: initial;\">\n\t\t<font size=\"2\" face=\"Arial Black\" style=\"box-sizing: border-box; margin: 0px; padding: 0px;\">\n\t\tBu site<span lang=\"nl\"> <\/span><\/font>&nbsp;<font color=\"#0000FF\" face=\"Arial Black\" style=\"box-sizing: border-box; margin: 0px; padding: 0px;\"><u style=\"box-sizing: border-box; margin: 0px; padding: 0px;\"><i style=\"box-sizing: border-box; margin: 0px; padding: 0px;\"><a style=\"box-sizing: border-box; margin: 0px; padding: 0px; color: rgb(51, 103, 153); text-decoration: none; background-color: transparent; font-size: 22px; font-family: Arial; font-weight: 400; font-style: normal; text-shadow: none; text-align: left;\" href=\"mailto:haskurt@hotmail.com\">HasKurt\n\t\t<span lang=\"nl\">&nbsp;<\/span>\u00d6zKurt<\/a><\/i><\/u><\/font><\/font><u style=\"box-sizing: border-box; margin: 0px; padding: 0px; color: rgb(0, 0, 255); font-family: &quot;Arial Black&quot;; font-size: 21.98px; font-style: normal; font-variant-ligatures: normal; font-variant-caps: normal; font-weight: 400; letter-spacing: normal; orphans: 2; text-align: left; text-indent: 0px; text-transform: none; widows: 2; word-spacing: 0px; -webkit-text-stroke-width: 0px; white-space: normal;\"><font face=\"Arial Black\" size=\"2\" style=\"box-sizing: border-box; margin: 0px; padding: 0px;\"><span lang=\"nl\">&nbsp;\n\t\t<\/span>Taraf<span lang=\"ES-TRAD\" style=\"box-sizing: border-box; margin: 0px; padding: 0px;\">&#305;<\/span>ndan\n\t\t<span lang=\"nl\">&nbsp;<\/span>haz<\/font><font size=\"3\" face=\"Arial Black\" style=\"box-sizing: border-box; margin: 0px; padding: 0px;\"><span lang=\"ES-TRAD\" style=\"box-sizing: border-box; margin: 0px; padding: 0px; font-size: 10pt; font-family: &quot;Arial Black&quot;;\">&#305;<\/span><\/font><font face=\"Arial Black\" size=\"2\" style=\"box-sizing: border-box; margin: 0px; padding: 0px;\">rlanmaktad<\/font><font size=\"3\" face=\"Arial Black\" style=\"box-sizing: border-box; margin: 0px; padding: 0px;\"><span lang=\"ES-TRAD\" style=\"box-sizing: border-box; margin: 0px; padding: 0px; font-size: 10pt; font-family: &quot;Arial Black&quot;;\">&#305;<\/span><\/font><font face=\"Arial Black\" size=\"2\" style=\"box-sizing: border-box; margin: 0px; padding: 0px;\">r<\/font><\/u><\/td>\n\t\t<td>\n\t\t<p align=\"center\">\n\t\t<img loading=\"lazy\" decoding=\"async\" border=\"0\" src=\"https:\/\/haskurt.com\/40\/wp-content\/uploads\/2024\/07\/Bayrak03.gif\" width=\"68\" height=\"50\"><\/td>\n\t\t<td>\n\t\t<p align=\"center\">\n\t\t<img loading=\"lazy\" decoding=\"async\" border=\"0\" src=\"https:\/\/haskurt.com\/40\/wp-content\/uploads\/2024\/07\/hurgokbayrak.gif\" width=\"68\" height=\"50\"><\/td>\n\t\t<td>\n\t\t<p align=\"center\">\n\t\t<img loading=\"lazy\" decoding=\"async\" border=\"0\" src=\"https:\/\/haskurt.com\/40\/wp-content\/uploads\/2024\/08\/01AzerbaycanA.gif\" width=\"68\" height=\"50\"><\/td>\n\t\t<td>\n\t\t<p align=\"center\">\n\t\t<img loading=\"lazy\" decoding=\"async\" border=\"0\" src=\"https:\/\/haskurt.com\/40\/wp-content\/uploads\/2024\/07\/HasKurt.gif\" width=\"90\" height=\"86\"><\/td>\n\t<\/tr>\n<\/table>\n<\/html>\n","protected":false},"excerpt":{"rendered":"<p>\u00a0 \u00a0 \u00a0 \u00a0Timur Devleti \u00a0 Timur Han taraf\u0131ndan 1370 y\u0131l\u0131nda kurulmu\u015f, k\u0131sa s\u00fcre i\u00e7erisinde Delhi\u2019den Bursa\u2019ya kadar uzanan geni\u015f co\u011frafyay\u0131 h\u00e2kimiyeti alt\u0131na alm\u0131\u015f, Timur Han\u2019\u0131n vefat\u0131 \u00fczerine par\u00e7alan\u0131p y\u0131k\u0131lm\u0131\u015f b\u00fcy\u00fck T\u00fcrk Devletidir. Timur Devleti, Timur Han taraf\u0131ndan 1370 y\u0131l\u0131nda &hellip;<\/p>\n<p><a href=\"https:\/\/haskurt.com\/40\/timur\/\">Continue Reading<span class=\"meta-nav\">&rarr;<\/span><\/a><\/p>\n","protected":false},"author":1,"featured_media":0,"parent":0,"menu_order":0,"comment_status":"closed","ping_status":"closed","template":"page-templates\/haskurt_page.php","meta":{"footnotes":""},"class_list":["post-248","page","type-page","status-publish","hentry"],"_links":{"self":[{"href":"https:\/\/haskurt.com\/40\/wp-json\/wp\/v2\/pages\/248","targetHints":{"allow":["GET"]}}],"collection":[{"href":"https:\/\/haskurt.com\/40\/wp-json\/wp\/v2\/pages"}],"about":[{"href":"https:\/\/haskurt.com\/40\/wp-json\/wp\/v2\/types\/page"}],"author":[{"embeddable":true,"href":"https:\/\/haskurt.com\/40\/wp-json\/wp\/v2\/users\/1"}],"replies":[{"embeddable":true,"href":"https:\/\/haskurt.com\/40\/wp-json\/wp\/v2\/comments?post=248"}],"version-history":[{"count":5,"href":"https:\/\/haskurt.com\/40\/wp-json\/wp\/v2\/pages\/248\/revisions"}],"predecessor-version":[{"id":1900,"href":"https:\/\/haskurt.com\/40\/wp-json\/wp\/v2\/pages\/248\/revisions\/1900"}],"wp:attachment":[{"href":"https:\/\/haskurt.com\/40\/wp-json\/wp\/v2\/media?parent=248"}],"curies":[{"name":"wp","href":"https:\/\/api.w.org\/{rel}","templated":true}]}}