{"id":222,"date":"2024-07-14T19:37:06","date_gmt":"2024-07-14T19:37:06","guid":{"rendered":"https:\/\/haskurt.com\/40\/?page_id=222"},"modified":"2026-01-29T16:03:39","modified_gmt":"2026-01-29T16:03:39","slug":"karahanlilar","status":"publish","type":"page","link":"https:\/\/haskurt.com\/40\/karahanlilar\/","title":{"rendered":"Karahanl\u0131lar"},"content":{"rendered":"<h1 class=\"wp-block-heading has-text-align-center has-white-color has-text-color has-background\" style=\"background-color: #34495e; font-size: 0px; font-style: normal; font-weight: bold; text-align: center;\" align=\"center\"><strong><img decoding=\"async\" class=\"alignnone\" src=\"https:\/\/haskurt.com\/40\/wp-content\/uploads\/2024\/07\/Bayrak03.gif\" alt=\"This image has an empty alt attribute; its file name is Bayrak03.gif\" \/>\u00a0 \u00a0 <code><span style=\"color: #ffffff; font-family: Arial Black; font-size: x-large;\">\u00a0 \u00a0Karahanl\u0131lar Devleti \u00a0<\/span><\/code><code><\/code><code><img decoding=\"async\" src=\"https:\/\/haskurt.com\/40\/wp-content\/uploads\/2024\/07\/hurgokbayrak.gif\" alt=\"This image has an empty alt attribute; its file name is kirsehir03.gif\" \/><\/code><\/strong><code><\/code><\/h1>\n\n\n<figure class=\"wp-block-image size-full is-resized\"><img loading=\"lazy\" decoding=\"async\" width=\"600\" height=\"450\" src=\"https:\/\/haskurt.com\/40\/wp-content\/uploads\/2024\/07\/Karahan-Haritasi.jpg\" alt=\"\" class=\"wp-image-223\" style=\"width:1121px;height:auto\" srcset=\"https:\/\/haskurt.com\/40\/wp-content\/uploads\/2024\/07\/Karahan-Haritasi.jpg 600w, https:\/\/haskurt.com\/40\/wp-content\/uploads\/2024\/07\/Karahan-Haritasi-300x225.jpg 300w\" sizes=\"auto, (max-width: 600px) 100vw, 600px\" \/><\/figure>\n\n\n\n<p class=\"has-text-color has-link-color has-large-font-size wp-elements-16ecba150063b3a788ef0e4d63effab6\" style=\"color:#ff0000\"><strong><strong>Karahanl\u0131lar Devleti<\/strong> <strong>(840-1212)<\/strong><\/strong><\/p>\n\n\n\n<p>Karahanl\u0131lar, Orta Asya&#8217;n\u0131n en \u00f6nemli ve k\u00f6kl\u00fc T\u00fcrk devletlerinden biri olarak, \u0130slamiyet&#8217;in T\u00fcrkler aras\u0131nda yay\u0131lmas\u0131nda b\u00fcy\u00fck bir rol oynam\u0131\u015flard\u0131r. \u00d6zellikle \u0130slamiyet\u2019in kabul\u00fc, hem dini hem de k\u00fclt\u00fcrel a\u00e7\u0131dan devrim niteli\u011finde bir de\u011fi\u015fim yaratm\u0131\u015ft\u0131r. Karahanl\u0131lar, Uygur Devleti\u2019nin \u00e7\u00f6k\u00fc\u015f\u00fcyle birlikte b\u00f6lgede egemenlik kurmu\u015f ve zamanla Orta Asya\u2019daki ilk \u0130slam T\u00fcrk devletini kurmu\u015flard\u0131r.<\/p>\n\n\n\n<p class=\"has-text-color has-link-color has-large-font-size wp-elements-cb42a5cde07e2e5594721a109ec50ee4\" style=\"color:#ff0000\"><strong>Ba\u015fl\u0131ca \u00d6ne \u00c7\u0131kan Konular:<\/strong><\/p>\n\n\n\n<ol class=\"wp-block-list\">\n<li class=\"has-medium-font-size\"><strong>Kurulu\u015f ve Kurucusu<\/strong>:<br>Karahanl\u0131 Devleti, 840 y\u0131l\u0131nda kuruldu. Kurucusu Bilge K\u00fcl Kadir Han, bu devleti in\u015fa ederken T\u00fcrk boylar\u0131n\u0131 bir araya getirmi\u015f ve devletin temellerini atm\u0131\u015ft\u0131r. Devletin ba\u015fkenti, ba\u015flang\u0131\u00e7ta Bala Saghun (ya da Bala Sagun) olarak belirlenmi\u015fti. Bu, o d\u00f6nemde Orta Asya\u2019n\u0131n en \u00f6nemli k\u00fclt\u00fcrel ve siyasi merkezlerinden biri haline gelmi\u015ftir.<\/li>\n\n\n\n<li class=\"has-medium-font-size\"><strong>\u0130slamiyet\u2019in Kabul\u00fc<\/strong>:<br>Karahanl\u0131lar, \u0130slamiyet\u2019i kabul eden ilk T\u00fcrk devleti olarak tarihe ge\u00e7mi\u015ftir. Satuk Bu\u011fra Han\u2019\u0131n h\u00fck\u00fcmdarl\u0131\u011f\u0131 s\u0131ras\u0131nda (950 civar\u0131) \u0130slamiyet, Karahanl\u0131lar\u2019\u0131n resmi dini olarak kabul edilmi\u015ftir. Satuk Bu\u011fra Han\u2019\u0131n bu d\u00f6nemdeki dini d\u00f6n\u00fc\u015f\u00fcm\u00fc, sadece devletin de\u011fil, Orta Asya\u2019daki pek \u00e7ok T\u00fcrk boyunun \u0130slamiyet\u2019i kabul etmesinin de \u00f6n\u00fcn\u00fc a\u00e7m\u0131\u015ft\u0131r. Bu, T\u00fcrk-\u0130slam k\u00fclt\u00fcr\u00fcn\u00fcn ilk temellerini atm\u0131\u015ft\u0131r.<\/li>\n\n\n\n<li class=\"has-medium-font-size\"><strong>T\u00fcrk-\u0130slam K\u00fclt\u00fcr\u00fc ve Edebiyat\u0131<\/strong>:<br>Karahanl\u0131lar, hem halk\u0131 hem de y\u00f6netici s\u0131n\u0131f\u0131 a\u00e7\u0131s\u0131ndan T\u00fcrk\u00e7eyi ana dil olarak benimsemi\u015flerdi. Bu durum, onlar\u0131n edebiyat\u0131n\u0131 ve k\u00fclt\u00fcr\u00fcn\u00fc do\u011frudan etkilemi\u015f, T\u00fcrk-\u0130slam k\u00fclt\u00fcr\u00fcn\u00fcn ilk \u00f6rneklerinin ortaya \u00e7\u0131kmas\u0131na yol a\u00e7m\u0131\u015ft\u0131r. Karahanl\u0131lar, ilk T\u00fcrk-\u0130slam eserlerini vermi\u015ftir. Bu eserler aras\u0131nda hem dini hem de edebi metinler bulunur. Bunlar, T\u00fcrk dilinin \u0130slam\u00ee d\u00fc\u015f\u00fcncelerle harmanland\u0131\u011f\u0131 ilk \u00f6rneklerdir.<\/li>\n\n\n\n<li class=\"has-medium-font-size\"><strong>Sosyal ve Ekonomik Yap\u0131<\/strong>:<br>Karahanl\u0131lar d\u00f6nemi, Orta Asya&#8217;n\u0131n ticaret yollar\u0131 \u00fczerinde yer ald\u0131\u011f\u0131ndan, ekonomik a\u00e7\u0131dan olduk\u00e7a canl\u0131 bir d\u00f6nemdi. Devlet, zengin bir tar\u0131m ve hayvanc\u0131l\u0131k ekonomisine sahipti ve \u00f6zellikle \u0130pek Yolu \u00fczerindeki stratejik konumlar\u0131 sayesinde b\u00f6lgesel ticaretin \u00f6nemli bir merkeziydiler. Ayr\u0131ca, devletin sosyal yap\u0131s\u0131 T\u00fcrk geleneklerine dayal\u0131yd\u0131 ancak \u0130slam\u2019\u0131n etkisiyle de\u011fi\u015fiklikler ya\u015fand\u0131. \u0130slam k\u00fclt\u00fcr\u00fc, halk aras\u0131nda ahlaki de\u011ferler, e\u011fitim ve sosyal yard\u0131mla\u015fma gibi konularda etkili oldu.<\/li>\n\n\n\n<li class=\"has-medium-font-size\"><strong>T\u00fcrk Edebiyat\u0131na Katk\u0131lar<\/strong>:<br>Karahanl\u0131lar, ayn\u0131 zamanda T\u00fcrk edebiyat\u0131n\u0131n \u0130slam\u00ee d\u00f6nemdeki ilk \u00f6rneklerini veren bir devlettir. Bu d\u00f6nemdeki en \u00f6nemli eserlerden biri, <em>Divan-\u0131 Lugat-it-T\u00fcrk<\/em> adl\u0131 eserdir. Bu eser, Karahanl\u0131lar devrinin en \u00fcnl\u00fc edebi eseri olup, Orta T\u00fcrk\u00e7eyi, Arap harfleriyle yaz\u0131lm\u0131\u015f olarak sunan \u00f6nemli bir dil kayna\u011f\u0131d\u0131r. Ayr\u0131ca, Yusuf Has Hacip&#8217;in <em>Kutadgu Bilig<\/em> adl\u0131 eseri de yine bu d\u00f6neme aittir ve T\u00fcrk-\u0130slam k\u00fclt\u00fcr\u00fcn\u00fc yans\u0131tan \u00f6nemli bir eserdir.<\/li>\n<\/ol>\n\n\n\n<p>Karahanl\u0131lar\u2019\u0131n tarih sahnesindeki etkisi, yaln\u0131zca siyasi de\u011fil, k\u00fclt\u00fcrel alanda da \u00f6nemli bir miras b\u0131rakm\u0131\u015ft\u0131r. T\u00fcrk milletinin \u0130slam ile tan\u0131\u015fmas\u0131, Orta Asya\u2019dan Anadolu\u2019ya kadar uzanacak bir k\u00fclt\u00fcr de\u011fi\u015fiminin ilk ad\u0131mlar\u0131n\u0131 atm\u0131\u015ft\u0131r.<\/p>\n\n\n\n<figure class=\"wp-block-image size-full is-resized\"><img loading=\"lazy\" decoding=\"async\" width=\"600\" height=\"450\" src=\"https:\/\/haskurt.com\/40\/wp-content\/uploads\/2024\/07\/Karahan-Bayragi.jpg\" alt=\"\" class=\"wp-image-224\" style=\"width:1121px;height:auto\" srcset=\"https:\/\/haskurt.com\/40\/wp-content\/uploads\/2024\/07\/Karahan-Bayragi.jpg 600w, https:\/\/haskurt.com\/40\/wp-content\/uploads\/2024\/07\/Karahan-Bayragi-300x225.jpg 300w\" sizes=\"auto, (max-width: 600px) 100vw, 600px\" \/><\/figure>\n\n\n<h1 class=\"wp-block-heading has-text-align-center has-white-color has-text-color has-background\" style=\"background-color: #34495e; font-size: 0px; font-style: normal; font-weight: bold; text-align: center;\" align=\"center\"><strong><img decoding=\"async\" class=\"alignnone\" src=\"https:\/\/haskurt.com\/40\/wp-content\/uploads\/2024\/07\/Bayrak03.gif\" alt=\"This image has an empty alt attribute; its file name is Bayrak03.gif\" \/>\u00a0 \u00a0 <code><span style=\"color: #ffffff; font-family: Arial Black; font-size: x-large;\">\u00a0 \ud83d\udc3a HasKurt \ud83d\udc3a  \u00a0<\/span><\/code><code><\/code><code><img decoding=\"async\" src=\"https:\/\/haskurt.com\/40\/wp-content\/uploads\/2024\/07\/Bayrak03.gif\" alt=\"This image has an empty alt attribute; its file name is kirsehir03.gif\" \/><\/code><\/strong><code><\/code><\/h1>\n\n\n<head>\n<meta http-equiv=\"Content-Type\" content=\"text\/html; charset=windows-1254\">\n<meta http-equiv=\"Content-Language\" content=\"tr\">\n<\/head>\n\n<table border=\"0\" width=\"100%\" cellspacing=\"0\" cellpadding=\"0\">\n\t<tr>\n\t\t<td>\n\t\t<p align=\"center\">\n\t\t<img loading=\"lazy\" decoding=\"async\" border=\"0\" src=\"https:\/\/haskurt.com\/40\/wp-content\/uploads\/2024\/07\/HasKurt2005A.gif\" width=\"200\" height=\"120\"><\/td>\n\t\t<td>\n\t\t<p align=\"center\">\n\t\t<img loading=\"lazy\" decoding=\"async\" border=\"0\" src=\"https:\/\/haskurt.com\/40\/wp-content\/uploads\/2024\/07\/OsmanliImparatorlugu_1882\u20131922.svg_.png\" width=\"120\" height=\"120\"><\/td>\n\t\t<td>\n\t\t<p align=\"center\">\n\t\t<img loading=\"lazy\" decoding=\"async\" border=\"0\" src=\"https:\/\/haskurt.com\/40\/wp-content\/uploads\/2024\/07\/Bayrak03.gif\" width=\"163\" height=\"120\"><\/td>\n\t\t<td>\n\t\t<p align=\"center\">\n\t\t<img loading=\"lazy\" decoding=\"async\" border=\"0\" src=\"https:\/\/haskurt.com\/40\/wp-content\/uploads\/2024\/07\/HasKurt2014A.gif\" width=\"200\" height=\"120\"><\/td>\n\t<\/tr>\n<\/table>\n<table border=\"0\" width=\"100%\" cellspacing=\"0\" cellpadding=\"0\">\n\t<tr>\n\t\t<td>\n\t\t<p align=\"center\">\n\t\t<img decoding=\"async\" border=\"0\" src=\"https:\/\/haskurt.com\/40\/wp-content\/uploads\/2024\/07\/100YilTurkiye.png\" width=\"100%\" height=\"60\"><\/td>\n\t<\/tr>\n\t<tr>\n\t\t<td>\n\t\t<p align=\"center\">\n\t\t&nbsp;<\/td>\n\t<\/tr>\n<\/table>\n<table border=\"0\" width=\"100%\" cellspacing=\"0\" cellpadding=\"0\">\n\t<tr>\n\t\t<td>\n\t\t<p align=\"center\">\n\t\t<img loading=\"lazy\" decoding=\"async\" border=\"0\" src=\"https:\/\/haskurt.com\/40\/wp-content\/uploads\/2024\/07\/Bayrak03.gif\" width=\"68\" height=\"50\"><\/td>\n\t\t<td>\n\t\t<p align=\"center\">\n\t\t<img loading=\"lazy\" decoding=\"async\" border=\"0\" src=\"https:\/\/haskurt.com\/40\/wp-content\/uploads\/2024\/07\/hurgokbayrak.gif\" width=\"68\" height=\"50\"><\/td>\n\t\t<td>\n\t\t<p align=\"center\">\n\t\t<img loading=\"lazy\" decoding=\"async\" border=\"0\" src=\"https:\/\/haskurt.com\/40\/wp-content\/uploads\/2024\/08\/01AzerbaycanA.gif\" width=\"68\" height=\"50\"><\/td>\n\t\t<td>\n\t\t<p align=\"center\">\n\t\t<img loading=\"lazy\" decoding=\"async\" border=\"0\" src=\"https:\/\/haskurt.com\/40\/wp-content\/uploads\/2024\/07\/HasKurt.gif\" width=\"90\" height=\"86\"><\/td>\n\t\t<td>\n\t\t<p align=\"center\">\n\t\t<font face=\"Arial Black\" size=\"2\" style=\"box-sizing: border-box; color: rgb(32, 32, 32); font-size: 21.98px; font-style: normal; font-variant-ligatures: normal; font-variant-caps: normal; font-weight: 400; letter-spacing: normal; orphans: 2; text-align: left; text-indent: 0px; text-transform: none; widows: 2; word-spacing: 0px; -webkit-text-stroke-width: 0px; white-space: normal; text-decoration-thickness: initial; text-decoration-style: initial; text-decoration-color: initial; margin: 0px; padding: 0px\">\n\t\te \u2013 Posta<span lang=\"nl\" style=\"box-sizing: border-box; margin: 0px; padding: 0px;\">:<\/span><\/font><font color=\"#0000FF\" face=\"Arial Black\" style=\"box-sizing: border-box; margin: 0px; padding: 0px; font-size: 21.98px; font-style: normal; font-variant-ligatures: normal; font-variant-caps: normal; font-weight: 400; letter-spacing: normal; orphans: 2; text-align: left; text-indent: 0px; text-transform: none; widows: 2; word-spacing: 0px; -webkit-text-stroke-width: 0px; white-space: normal; text-decoration-thickness: initial; text-decoration-style: initial; text-decoration-color: initial;\"><span lang=\"nl\" style=\"box-sizing: border-box; margin: 0px; padding: 0px;\"><font face=\"Arial Black\" size=\"2\" style=\"box-sizing: border-box; margin: 0px; padding: 0px;\">&nbsp;&nbsp; <\/font><\/span><i style=\"box-sizing: border-box; margin: 0px; padding: 0px;\"><font face=\"Times New Roman\" style=\"box-sizing: border-box; margin: 0px; padding: 0px;\"><u style=\"box-sizing: border-box; margin: 0px; padding: 0px;\"><a style=\"box-sizing: border-box; text-decoration: none; font-size: 22px; font-family: Arial Black; font-weight: 700; font-style: normal; text-shadow: none; text-align: left; margin: 0px; padding: 0px; background-color: transparent\" href=\"mailto:haskurt@hotmail.com\">HasKurt \n\t\t\u00d6zKurt<\/a><\/u><\/font><\/i><\/font><p align=\"center\">\n\t\t<font face=\"Arial Black\" style=\"box-sizing: border-box; margin: 0px; padding: 0px; color: rgb(0, 0, 255); font-family: &quot;Arial Black&quot;; font-size: 21.98px; font-style: normal; font-variant-ligatures: normal; font-variant-caps: normal; font-weight: 400; letter-spacing: normal; orphans: 2; text-align: left; text-indent: 0px; text-transform: none; widows: 2; word-spacing: 0px; -webkit-text-stroke-width: 0px; white-space: normal; text-decoration-thickness: initial; text-decoration-style: initial; text-decoration-color: initial;\">\n\t\t<font size=\"2\" face=\"Arial Black\" style=\"box-sizing: border-box; margin: 0px; padding: 0px;\">\n\t\tBu site<span lang=\"nl\"> <\/span><\/font>&nbsp;<font color=\"#0000FF\" face=\"Arial Black\" style=\"box-sizing: border-box; margin: 0px; padding: 0px;\"><u style=\"box-sizing: border-box; margin: 0px; padding: 0px;\"><i style=\"box-sizing: border-box; margin: 0px; padding: 0px;\"><a style=\"box-sizing: border-box; margin: 0px; padding: 0px; color: rgb(51, 103, 153); text-decoration: none; background-color: transparent; font-size: 22px; font-family: Arial; font-weight: 400; font-style: normal; text-shadow: none; text-align: left;\" href=\"mailto:haskurt@hotmail.com\">HasKurt\n\t\t<span lang=\"nl\">&nbsp;<\/span>\u00d6zKurt<\/a><\/i><\/u><\/font><\/font><u style=\"box-sizing: border-box; margin: 0px; padding: 0px; color: rgb(0, 0, 255); font-family: &quot;Arial Black&quot;; font-size: 21.98px; font-style: normal; font-variant-ligatures: normal; font-variant-caps: normal; font-weight: 400; letter-spacing: normal; orphans: 2; text-align: left; text-indent: 0px; text-transform: none; widows: 2; word-spacing: 0px; -webkit-text-stroke-width: 0px; white-space: normal;\"><font face=\"Arial Black\" size=\"2\" style=\"box-sizing: border-box; margin: 0px; padding: 0px;\"><span lang=\"nl\">&nbsp;\n\t\t<\/span>Taraf<span lang=\"ES-TRAD\" style=\"box-sizing: border-box; margin: 0px; padding: 0px;\">&#305;<\/span>ndan\n\t\t<span lang=\"nl\">&nbsp;<\/span>haz<\/font><font size=\"3\" face=\"Arial Black\" style=\"box-sizing: border-box; margin: 0px; padding: 0px;\"><span lang=\"ES-TRAD\" style=\"box-sizing: border-box; margin: 0px; padding: 0px; font-size: 10pt; font-family: &quot;Arial Black&quot;;\">&#305;<\/span><\/font><font face=\"Arial Black\" size=\"2\" style=\"box-sizing: border-box; margin: 0px; padding: 0px;\">rlanmaktad<\/font><font size=\"3\" face=\"Arial Black\" style=\"box-sizing: border-box; margin: 0px; padding: 0px;\"><span lang=\"ES-TRAD\" style=\"box-sizing: border-box; margin: 0px; padding: 0px; font-size: 10pt; font-family: &quot;Arial Black&quot;;\">&#305;<\/span><\/font><font face=\"Arial Black\" size=\"2\" style=\"box-sizing: border-box; margin: 0px; padding: 0px;\">r<\/font><\/u><\/td>\n\t\t<td>\n\t\t<p align=\"center\">\n\t\t<img loading=\"lazy\" decoding=\"async\" border=\"0\" src=\"https:\/\/haskurt.com\/40\/wp-content\/uploads\/2024\/07\/Bayrak03.gif\" width=\"68\" height=\"50\"><\/td>\n\t\t<td>\n\t\t<p align=\"center\">\n\t\t<img loading=\"lazy\" decoding=\"async\" border=\"0\" src=\"https:\/\/haskurt.com\/40\/wp-content\/uploads\/2024\/07\/hurgokbayrak.gif\" width=\"68\" height=\"50\"><\/td>\n\t\t<td>\n\t\t<p align=\"center\">\n\t\t<img loading=\"lazy\" decoding=\"async\" border=\"0\" src=\"https:\/\/haskurt.com\/40\/wp-content\/uploads\/2024\/08\/01AzerbaycanA.gif\" width=\"68\" height=\"50\"><\/td>\n\t\t<td>\n\t\t<p align=\"center\">\n\t\t<img loading=\"lazy\" decoding=\"async\" border=\"0\" src=\"https:\/\/haskurt.com\/40\/wp-content\/uploads\/2024\/07\/HasKurt.gif\" width=\"90\" height=\"86\"><\/td>\n\t<\/tr>\n<\/table>\n<\/html>\n","protected":false},"excerpt":{"rendered":"<p>\u00a0 \u00a0 \u00a0 \u00a0Karahanl\u0131lar Devleti \u00a0 Karahanl\u0131lar Devleti (840-1212) Karahanl\u0131lar, Orta Asya&#8217;n\u0131n en \u00f6nemli ve k\u00f6kl\u00fc T\u00fcrk devletlerinden biri olarak, \u0130slamiyet&#8217;in T\u00fcrkler aras\u0131nda yay\u0131lmas\u0131nda b\u00fcy\u00fck bir rol oynam\u0131\u015flard\u0131r. \u00d6zellikle \u0130slamiyet\u2019in kabul\u00fc, hem dini hem de k\u00fclt\u00fcrel a\u00e7\u0131dan devrim niteli\u011finde bir &hellip;<\/p>\n<p><a href=\"https:\/\/haskurt.com\/40\/karahanlilar\/\">Continue Reading<span class=\"meta-nav\">&rarr;<\/span><\/a><\/p>\n","protected":false},"author":1,"featured_media":0,"parent":0,"menu_order":0,"comment_status":"closed","ping_status":"closed","template":"page-templates\/haskurt_page.php","meta":{"footnotes":""},"class_list":["post-222","page","type-page","status-publish","hentry"],"_links":{"self":[{"href":"https:\/\/haskurt.com\/40\/wp-json\/wp\/v2\/pages\/222","targetHints":{"allow":["GET"]}}],"collection":[{"href":"https:\/\/haskurt.com\/40\/wp-json\/wp\/v2\/pages"}],"about":[{"href":"https:\/\/haskurt.com\/40\/wp-json\/wp\/v2\/types\/page"}],"author":[{"embeddable":true,"href":"https:\/\/haskurt.com\/40\/wp-json\/wp\/v2\/users\/1"}],"replies":[{"embeddable":true,"href":"https:\/\/haskurt.com\/40\/wp-json\/wp\/v2\/comments?post=222"}],"version-history":[{"count":6,"href":"https:\/\/haskurt.com\/40\/wp-json\/wp\/v2\/pages\/222\/revisions"}],"predecessor-version":[{"id":1866,"href":"https:\/\/haskurt.com\/40\/wp-json\/wp\/v2\/pages\/222\/revisions\/1866"}],"wp:attachment":[{"href":"https:\/\/haskurt.com\/40\/wp-json\/wp\/v2\/media?parent=222"}],"curies":[{"name":"wp","href":"https:\/\/api.w.org\/{rel}","templated":true}]}}