{"id":205,"date":"2024-07-14T19:11:54","date_gmt":"2024-07-14T19:11:54","guid":{"rendered":"https:\/\/haskurt.com\/40\/?page_id=205"},"modified":"2026-01-29T15:55:52","modified_gmt":"2026-01-29T15:55:52","slug":"gokturk","status":"publish","type":"page","link":"https:\/\/haskurt.com\/40\/gokturk\/","title":{"rendered":"G\u00f6kt\u00fcrk"},"content":{"rendered":"<h1 class=\"wp-block-heading has-text-align-center has-white-color has-text-color has-background\" style=\"background-color: #34495e; font-size: 0px; font-style: normal; font-weight: bold; text-align: center;\" align=\"center\"><strong><img decoding=\"async\" class=\"alignnone\" src=\"https:\/\/haskurt.com\/40\/wp-content\/uploads\/2024\/07\/Bayrak03.gif\" alt=\"This image has an empty alt attribute; its file name is Bayrak03.gif\" \/>\u00a0 \u00a0 <code><span style=\"color: #ffffff; font-family: Arial Black; font-size: x-large;\">\u00a0 \u00a0G\u00f6kt\u00fcrk\u00a0 \u00a0<\/span><\/code><code><\/code><code><img decoding=\"async\" src=\"https:\/\/haskurt.com\/40\/wp-content\/uploads\/2024\/07\/hurgokbayrak.gif\" alt=\"This image has an empty alt attribute; its file name is kirsehir03.gif\" \/><\/code><\/strong><code><\/code><\/h1>\n\n\n<figure class=\"wp-block-image size-full is-resized\"><img loading=\"lazy\" decoding=\"async\" width=\"600\" height=\"450\" src=\"https:\/\/haskurt.com\/40\/wp-content\/uploads\/2024\/07\/Gokturk-Haritasi.jpg\" alt=\"\" class=\"wp-image-206\" style=\"width:1121px;height:auto\" srcset=\"https:\/\/haskurt.com\/40\/wp-content\/uploads\/2024\/07\/Gokturk-Haritasi.jpg 600w, https:\/\/haskurt.com\/40\/wp-content\/uploads\/2024\/07\/Gokturk-Haritasi-300x225.jpg 300w\" sizes=\"auto, (max-width: 600px) 100vw, 600px\" \/><\/figure>\n\n\n\n<h2 class=\"wp-block-heading has-medium-font-size\">T\u00fcrk ad\u0131n\u0131 ilk defa kullanan&nbsp;G\u00f6kt\u00fcrk Devleti, ayn\u0131 zamanda&nbsp;Orta Asya\u2019da en geni\u015f s\u0131n\u0131rlara ula\u015fan bir devlet olarak kar\u015f\u0131m\u0131za \u00e7\u0131kmaktad\u0131r. K\u00f6kt\u00fcrk ismi ile de bilinen bu devlet Bumin Ka\u011fan d\u00f6neminde \u00c7in ile resmi ili\u015fkiler kurmu\u015ftur. Ba\u011f\u0131ms\u0131zl\u0131\u011f\u0131 yakla\u015f\u0131k 200 y\u0131l s\u00fcrm\u00fc\u015f ve d\u00f6nem d\u00f6nem h\u00fck\u00fcmdarlar\u0131 de\u011fi\u015fmi\u015ftir. G\u00f6kt\u00fcrk ka\u011fanl\u0131\u011f\u0131 552-581 y\u0131llar\u0131 aras\u0131nda 6. Y\u00fczy\u0131l\u0131n ortas\u0131nda \u00d6t\u00fcken\u2019de kuruldu. Yaln\u0131zca ak\u0131n ve sava\u015flar i\u00e7in kurulmu\u015f gibi g\u00f6r\u00fcnen G\u00f6kt\u00fcrk Devleti VIII. Y\u00fczy\u0131lda bir k\u00fclt\u00fcr devleti olma yoluna girmi\u015fti.&nbsp;&nbsp;<\/h2>\n\n\n\n<p class=\"has-text-color has-link-color has-large-font-size wp-elements-3902f35676b6017ce818a29eda2e165c\" style=\"color:#ff0000\"><strong>G\u00d6KT\u00dcRK DEVLET\u0130N\u0130N KURUCUSU K\u0130MD\u0130R?<\/strong><\/p>\n\n\n\n<figure class=\"wp-block-image size-full is-resized\"><img loading=\"lazy\" decoding=\"async\" width=\"600\" height=\"450\" src=\"https:\/\/haskurt.com\/40\/wp-content\/uploads\/2024\/07\/Gokturk-Bayragi.jpg\" alt=\"\" class=\"wp-image-207\" style=\"width:1121px;height:auto\" srcset=\"https:\/\/haskurt.com\/40\/wp-content\/uploads\/2024\/07\/Gokturk-Bayragi.jpg 600w, https:\/\/haskurt.com\/40\/wp-content\/uploads\/2024\/07\/Gokturk-Bayragi-300x225.jpg 300w\" sizes=\"auto, (max-width: 600px) 100vw, 600px\" \/><\/figure>\n\n\n\n<p>G\u00f6kt\u00fcrk Devleti&#8217;nin kurucusu Bumin Ka\u011fan&#8217;d\u0131r. G\u00f6kt\u00fcrk Devleti hangi boya mensuptur noktas\u0131nda ise Hunlar\u0131n soyundan olan G\u00f6kt\u00fcrk Devleti &#8220;A\u015fina&#8221; ad\u0131 ile an\u0131lan boya mensuptur. Devletin ba\u015fkenti \u00d6t\u00fcken olmakla birlikte Do\u011fusunda \u00c7in, bat\u0131s\u0131nda ise Sasani devletleri bulunmaktad\u0131r. Do\u011fuda Avar devleti sonucunda do\u011fan G\u00f6kt\u00fcrk Devleti Bat\u0131da ise Eftalit devletleri ile yap\u0131lan sava\u015flar\u0131n sonucu olarak do\u011fmu\u015ftur.<\/p>\n\n\n\n<p class=\"has-text-color has-link-color has-large-font-size wp-elements-7c0e21b2232ff0cba49f39b3e2b2a24d\" style=\"color:#ff0000\"><strong>G\u00d6KT\u00dcRKLERE A\u0130T DESTAN<\/strong><\/p>\n\n\n\n<p>G\u00f6kt\u00fcrklere ait destan dendi\u011finde akla gelen Ergenekon destan\u0131nda, T\u00fcrklerin yeniden do\u011fu\u015fu anlat\u0131lmaktad\u0131r. \u0130kinci G\u00f6kt\u00fcrk destan\u0131 ise Bozkurt Destan\u0131 olarak tarihe ge\u00e7mi\u015ftir. Bu destan\u0131n konusu da tek ba\u015f\u0131na kalan bir \u00e7ocu\u011fun bozkurt taraf\u0131ndan yeti\u015ftirilmesi ve b\u00fcy\u00fck bir devletin kurulmas\u0131n\u0131 i\u00e7eriyor. Ayn\u0131 zamanda \u00c7in kay\u0131tlar\u0131nda Bozkurt Destan\u0131na yaz\u0131l\u0131 \u015fekli ile bulunmaktad\u0131r.<\/p>\n\n\n\n<p class=\"has-text-color has-link-color has-large-font-size wp-elements-d79245301236d5ec2816e277527bdd73\" style=\"color:#ff0000\"><strong>G\u00d6KT\u00dcRK DEVLET\u0130 KA\u00c7 YIL H\u00dcK\u00dcM S\u00dcRD\u00dc?<\/strong><\/p>\n\n\n\n<p>T\u00fcrklerin bozk\u0131r g\u00f6\u00e7ebe uygarl\u0131\u011f\u0131ndan yerle\u015fik tar\u0131m uygarl\u0131\u011f\u0131na ge\u00e7i\u015f d\u00f6nemi olan G\u00f6kt\u00fcrkler d\u00f6nemi 552-745 y\u0131llar\u0131 aras\u0131nda Orta Asya&#8217;da varl\u0131\u011f\u0131n\u0131 s\u00fcrd\u00fcren bir devlettir.<\/p>\n\n\n\n<p>Orta Asya&#8217;da yap\u0131lan kaz\u0131 ve ara\u015ft\u0131rmalarda birtak\u0131m eserler bulunmu\u015ftur. G\u00f6kt\u00fcrk\u00e7e yaz\u0131l\u0131 bu eserler ta\u015f, para, a\u011fa\u00e7 \u00fczerine yaz\u0131lm\u0131\u015f metinlerden olu\u015fmaktad\u0131r. Ta\u015f ve para \u00fczerine yaz\u0131l\u0131 eserler ise g\u00fcn\u00fcm\u00fcze kadar gelmi\u015ftir.<\/p>\n\n\n\n<p class=\"has-text-color has-link-color has-large-font-size wp-elements-a46b94626fdeb9b864d302ce3cb35d07\" style=\"color:#ff0000\"><strong>G\u00d6KT\u00dcRK DEVLET\u0130 NEDEN YIKILDI?<\/strong><\/p>\n\n\n\n<p><strong>B\u00fcy\u00fck Hun \u0130mparatorlu\u011funda oldu\u011fu gibi G\u00f6kt\u00fcrk Devlet&#8217;inde de T\u00fcrk boylar\u0131n\u0131n \u00c7inlilerin oyunlar\u0131 ve k\u0131\u015fk\u0131rtmalar\u0131 ile devlet y\u00f6netimine ba\u015fkald\u0131rmalar\u0131 sonucu isyanlar ve i\u00e7 ayaklanmalar \u00e7\u0131km\u0131\u015ft\u0131r. Bu nedenden \u00f6t\u00fcr\u00fc G\u00f6kt\u00fcrk Devleti, Bat\u0131 ve Do\u011fu G\u00f6kt\u00fcrk devleti olarak 2&#8217;ye ayr\u0131ld\u0131.<\/strong><strong> Bu kez de \u00c7inliler, Do\u011fu G\u00f6kt\u00fcrk Devleti ve Bat\u0131 G\u00f6kt\u00fcrk Devlet&#8217;ini birbirleri aras\u0131nda k\u0131\u015fk\u0131rtma ve tahriklere yol a\u00e7m\u0131\u015ft\u0131r. Ya\u015fanan bu k\u0131\u015fk\u0131rtmalardan dolay\u0131 Do\u011fu G\u00f6kt\u00fcrk Devleti ve Bat\u0131 G\u00f6kt\u00fcrk Devleti birbirine kar\u015f\u0131 sava\u015f a\u00e7m\u0131\u015f, sonras\u0131nda ise \u00c7inliler sava\u015fmaktan dolay\u0131 g\u00fcc\u00fcn\u00fc yitiren bu iki devletin bu halini f\u0131rsat bilmi\u015f ve y\u0131km\u0131\u015flard\u0131r. G\u00f6kt\u00fcrk Devletinin y\u0131k\u0131lmas\u0131n\u0131n ard\u0131ndan ise G\u00f6kt\u00fcrkler Kutluk Devlet&#8217;ini kurmu\u015flard\u0131r.<\/strong><\/p>\n\n\n<h1 class=\"wp-block-heading has-text-align-center has-white-color has-text-color has-background\" style=\"background-color: #34495e; font-size: 0px; font-style: normal; font-weight: bold; text-align: center;\" align=\"center\"><strong><img decoding=\"async\" class=\"alignnone\" src=\"https:\/\/haskurt.com\/40\/wp-content\/uploads\/2024\/07\/Bayrak03.gif\" alt=\"This image has an empty alt attribute; its file name is Bayrak03.gif\" \/>\u00a0 \u00a0 <code><span style=\"color: #ffffff; font-family: Arial Black; font-size: x-large;\">\u00a0 \ud83d\udc3a HasKurt \ud83d\udc3a  \u00a0<\/span><\/code><code><\/code><code><img decoding=\"async\" src=\"https:\/\/haskurt.com\/40\/wp-content\/uploads\/2024\/07\/Bayrak03.gif\" alt=\"This image has an empty alt attribute; its file name is kirsehir03.gif\" \/><\/code><\/strong><code><\/code><\/h1>\n\n\n<head>\n<meta http-equiv=\"Content-Type\" content=\"text\/html; charset=windows-1254\">\n<meta http-equiv=\"Content-Language\" content=\"tr\">\n<\/head>\n\n<table border=\"0\" width=\"100%\" cellspacing=\"0\" cellpadding=\"0\">\n\t<tr>\n\t\t<td>\n\t\t<p align=\"center\">\n\t\t<img loading=\"lazy\" decoding=\"async\" border=\"0\" src=\"https:\/\/haskurt.com\/40\/wp-content\/uploads\/2024\/07\/HasKurt2005A.gif\" width=\"200\" height=\"120\"><\/td>\n\t\t<td>\n\t\t<p align=\"center\">\n\t\t<img loading=\"lazy\" decoding=\"async\" border=\"0\" src=\"https:\/\/haskurt.com\/40\/wp-content\/uploads\/2024\/07\/OsmanliImparatorlugu_1882\u20131922.svg_.png\" width=\"120\" height=\"120\"><\/td>\n\t\t<td>\n\t\t<p align=\"center\">\n\t\t<img loading=\"lazy\" decoding=\"async\" border=\"0\" src=\"https:\/\/haskurt.com\/40\/wp-content\/uploads\/2024\/07\/Bayrak03.gif\" width=\"163\" height=\"120\"><\/td>\n\t\t<td>\n\t\t<p align=\"center\">\n\t\t<img loading=\"lazy\" decoding=\"async\" border=\"0\" src=\"https:\/\/haskurt.com\/40\/wp-content\/uploads\/2024\/07\/HasKurt2014A.gif\" width=\"200\" height=\"120\"><\/td>\n\t<\/tr>\n<\/table>\n<table border=\"0\" width=\"100%\" cellspacing=\"0\" cellpadding=\"0\">\n\t<tr>\n\t\t<td>\n\t\t<p align=\"center\">\n\t\t<img decoding=\"async\" border=\"0\" src=\"https:\/\/haskurt.com\/40\/wp-content\/uploads\/2024\/07\/100YilTurkiye.png\" width=\"100%\" height=\"60\"><\/td>\n\t<\/tr>\n\t<tr>\n\t\t<td>\n\t\t<p align=\"center\">\n\t\t&nbsp;<\/td>\n\t<\/tr>\n<\/table>\n<table border=\"0\" width=\"100%\" cellspacing=\"0\" cellpadding=\"0\">\n\t<tr>\n\t\t<td>\n\t\t<p align=\"center\">\n\t\t<img loading=\"lazy\" decoding=\"async\" border=\"0\" src=\"https:\/\/haskurt.com\/40\/wp-content\/uploads\/2024\/07\/Bayrak03.gif\" width=\"68\" height=\"50\"><\/td>\n\t\t<td>\n\t\t<p align=\"center\">\n\t\t<img loading=\"lazy\" decoding=\"async\" border=\"0\" src=\"https:\/\/haskurt.com\/40\/wp-content\/uploads\/2024\/07\/hurgokbayrak.gif\" width=\"68\" height=\"50\"><\/td>\n\t\t<td>\n\t\t<p align=\"center\">\n\t\t<img loading=\"lazy\" decoding=\"async\" border=\"0\" src=\"https:\/\/haskurt.com\/40\/wp-content\/uploads\/2024\/08\/01AzerbaycanA.gif\" width=\"68\" height=\"50\"><\/td>\n\t\t<td>\n\t\t<p align=\"center\">\n\t\t<img loading=\"lazy\" decoding=\"async\" border=\"0\" src=\"https:\/\/haskurt.com\/40\/wp-content\/uploads\/2024\/07\/HasKurt.gif\" width=\"90\" height=\"86\"><\/td>\n\t\t<td>\n\t\t<p align=\"center\">\n\t\t<font face=\"Arial Black\" size=\"2\" style=\"box-sizing: border-box; color: rgb(32, 32, 32); font-size: 21.98px; font-style: normal; font-variant-ligatures: normal; font-variant-caps: normal; font-weight: 400; letter-spacing: normal; orphans: 2; text-align: left; text-indent: 0px; text-transform: none; widows: 2; word-spacing: 0px; -webkit-text-stroke-width: 0px; white-space: normal; text-decoration-thickness: initial; text-decoration-style: initial; text-decoration-color: initial; margin: 0px; padding: 0px\">\n\t\te \u2013 Posta<span lang=\"nl\" style=\"box-sizing: border-box; margin: 0px; padding: 0px;\">:<\/span><\/font><font color=\"#0000FF\" face=\"Arial Black\" style=\"box-sizing: border-box; margin: 0px; padding: 0px; font-size: 21.98px; font-style: normal; font-variant-ligatures: normal; font-variant-caps: normal; font-weight: 400; letter-spacing: normal; orphans: 2; text-align: left; text-indent: 0px; text-transform: none; widows: 2; word-spacing: 0px; -webkit-text-stroke-width: 0px; white-space: normal; text-decoration-thickness: initial; text-decoration-style: initial; text-decoration-color: initial;\"><span lang=\"nl\" style=\"box-sizing: border-box; margin: 0px; padding: 0px;\"><font face=\"Arial Black\" size=\"2\" style=\"box-sizing: border-box; margin: 0px; padding: 0px;\">&nbsp;&nbsp; <\/font><\/span><i style=\"box-sizing: border-box; margin: 0px; padding: 0px;\"><font face=\"Times New Roman\" style=\"box-sizing: border-box; margin: 0px; padding: 0px;\"><u style=\"box-sizing: border-box; margin: 0px; padding: 0px;\"><a style=\"box-sizing: border-box; text-decoration: none; font-size: 22px; font-family: Arial Black; font-weight: 700; font-style: normal; text-shadow: none; text-align: left; margin: 0px; padding: 0px; background-color: transparent\" href=\"mailto:haskurt@hotmail.com\">HasKurt \n\t\t\u00d6zKurt<\/a><\/u><\/font><\/i><\/font><p align=\"center\">\n\t\t<font face=\"Arial Black\" style=\"box-sizing: border-box; margin: 0px; padding: 0px; color: rgb(0, 0, 255); font-family: &quot;Arial Black&quot;; font-size: 21.98px; font-style: normal; font-variant-ligatures: normal; font-variant-caps: normal; font-weight: 400; letter-spacing: normal; orphans: 2; text-align: left; text-indent: 0px; text-transform: none; widows: 2; word-spacing: 0px; -webkit-text-stroke-width: 0px; white-space: normal; text-decoration-thickness: initial; text-decoration-style: initial; text-decoration-color: initial;\">\n\t\t<font size=\"2\" face=\"Arial Black\" style=\"box-sizing: border-box; margin: 0px; padding: 0px;\">\n\t\tBu site<span lang=\"nl\"> <\/span><\/font>&nbsp;<font color=\"#0000FF\" face=\"Arial Black\" style=\"box-sizing: border-box; margin: 0px; padding: 0px;\"><u style=\"box-sizing: border-box; margin: 0px; padding: 0px;\"><i style=\"box-sizing: border-box; margin: 0px; padding: 0px;\"><a style=\"box-sizing: border-box; margin: 0px; padding: 0px; color: rgb(51, 103, 153); text-decoration: none; background-color: transparent; font-size: 22px; font-family: Arial; font-weight: 400; font-style: normal; text-shadow: none; text-align: left;\" href=\"mailto:haskurt@hotmail.com\">HasKurt\n\t\t<span lang=\"nl\">&nbsp;<\/span>\u00d6zKurt<\/a><\/i><\/u><\/font><\/font><u style=\"box-sizing: border-box; margin: 0px; padding: 0px; color: rgb(0, 0, 255); font-family: &quot;Arial Black&quot;; font-size: 21.98px; font-style: normal; font-variant-ligatures: normal; font-variant-caps: normal; font-weight: 400; letter-spacing: normal; orphans: 2; text-align: left; text-indent: 0px; text-transform: none; widows: 2; word-spacing: 0px; -webkit-text-stroke-width: 0px; white-space: normal;\"><font face=\"Arial Black\" size=\"2\" style=\"box-sizing: border-box; margin: 0px; padding: 0px;\"><span lang=\"nl\">&nbsp;\n\t\t<\/span>Taraf<span lang=\"ES-TRAD\" style=\"box-sizing: border-box; margin: 0px; padding: 0px;\">&#305;<\/span>ndan\n\t\t<span lang=\"nl\">&nbsp;<\/span>haz<\/font><font size=\"3\" face=\"Arial Black\" style=\"box-sizing: border-box; margin: 0px; padding: 0px;\"><span lang=\"ES-TRAD\" style=\"box-sizing: border-box; margin: 0px; padding: 0px; font-size: 10pt; font-family: &quot;Arial Black&quot;;\">&#305;<\/span><\/font><font face=\"Arial Black\" size=\"2\" style=\"box-sizing: border-box; margin: 0px; padding: 0px;\">rlanmaktad<\/font><font size=\"3\" face=\"Arial Black\" style=\"box-sizing: border-box; margin: 0px; padding: 0px;\"><span lang=\"ES-TRAD\" style=\"box-sizing: border-box; margin: 0px; padding: 0px; font-size: 10pt; font-family: &quot;Arial Black&quot;;\">&#305;<\/span><\/font><font face=\"Arial Black\" size=\"2\" style=\"box-sizing: border-box; margin: 0px; padding: 0px;\">r<\/font><\/u><\/td>\n\t\t<td>\n\t\t<p align=\"center\">\n\t\t<img loading=\"lazy\" decoding=\"async\" border=\"0\" src=\"https:\/\/haskurt.com\/40\/wp-content\/uploads\/2024\/07\/Bayrak03.gif\" width=\"68\" height=\"50\"><\/td>\n\t\t<td>\n\t\t<p align=\"center\">\n\t\t<img loading=\"lazy\" decoding=\"async\" border=\"0\" src=\"https:\/\/haskurt.com\/40\/wp-content\/uploads\/2024\/07\/hurgokbayrak.gif\" width=\"68\" height=\"50\"><\/td>\n\t\t<td>\n\t\t<p align=\"center\">\n\t\t<img loading=\"lazy\" decoding=\"async\" border=\"0\" src=\"https:\/\/haskurt.com\/40\/wp-content\/uploads\/2024\/08\/01AzerbaycanA.gif\" width=\"68\" height=\"50\"><\/td>\n\t\t<td>\n\t\t<p align=\"center\">\n\t\t<img loading=\"lazy\" decoding=\"async\" border=\"0\" src=\"https:\/\/haskurt.com\/40\/wp-content\/uploads\/2024\/07\/HasKurt.gif\" width=\"90\" height=\"86\"><\/td>\n\t<\/tr>\n<\/table>\n<\/html>\n","protected":false},"excerpt":{"rendered":"<p>\u00a0 \u00a0 \u00a0 \u00a0G\u00f6kt\u00fcrk\u00a0 \u00a0 T\u00fcrk ad\u0131n\u0131 ilk defa kullanan&nbsp;G\u00f6kt\u00fcrk Devleti, ayn\u0131 zamanda&nbsp;Orta Asya\u2019da en geni\u015f s\u0131n\u0131rlara ula\u015fan bir devlet olarak kar\u015f\u0131m\u0131za \u00e7\u0131kmaktad\u0131r. K\u00f6kt\u00fcrk ismi ile de bilinen bu devlet Bumin Ka\u011fan d\u00f6neminde \u00c7in ile resmi ili\u015fkiler kurmu\u015ftur. Ba\u011f\u0131ms\u0131zl\u0131\u011f\u0131 yakla\u015f\u0131k &hellip;<\/p>\n<p><a href=\"https:\/\/haskurt.com\/40\/gokturk\/\">Continue Reading<span class=\"meta-nav\">&rarr;<\/span><\/a><\/p>\n","protected":false},"author":1,"featured_media":0,"parent":0,"menu_order":0,"comment_status":"closed","ping_status":"closed","template":"page-templates\/haskurt_page.php","meta":{"footnotes":""},"class_list":["post-205","page","type-page","status-publish","hentry"],"_links":{"self":[{"href":"https:\/\/haskurt.com\/40\/wp-json\/wp\/v2\/pages\/205","targetHints":{"allow":["GET"]}}],"collection":[{"href":"https:\/\/haskurt.com\/40\/wp-json\/wp\/v2\/pages"}],"about":[{"href":"https:\/\/haskurt.com\/40\/wp-json\/wp\/v2\/types\/page"}],"author":[{"embeddable":true,"href":"https:\/\/haskurt.com\/40\/wp-json\/wp\/v2\/users\/1"}],"replies":[{"embeddable":true,"href":"https:\/\/haskurt.com\/40\/wp-json\/wp\/v2\/comments?post=205"}],"version-history":[{"count":6,"href":"https:\/\/haskurt.com\/40\/wp-json\/wp\/v2\/pages\/205\/revisions"}],"predecessor-version":[{"id":1856,"href":"https:\/\/haskurt.com\/40\/wp-json\/wp\/v2\/pages\/205\/revisions\/1856"}],"wp:attachment":[{"href":"https:\/\/haskurt.com\/40\/wp-json\/wp\/v2\/media?parent=205"}],"curies":[{"name":"wp","href":"https:\/\/api.w.org\/{rel}","templated":true}]}}