{"id":185,"date":"2024-07-14T18:45:48","date_gmt":"2024-07-14T18:45:48","guid":{"rendered":"https:\/\/haskurt.com\/40\/?page_id=185"},"modified":"2026-01-29T15:50:33","modified_gmt":"2026-01-29T15:50:33","slug":"buyuk-hun-imparatorlugu","status":"publish","type":"page","link":"https:\/\/haskurt.com\/40\/buyuk-hun-imparatorlugu\/","title":{"rendered":"B\u00fcy\u00fck Hun \u0130mparatorlu\u011fu"},"content":{"rendered":"<h1 class=\"wp-block-heading has-text-align-center has-white-color has-text-color has-background\" style=\"background-color: #34495e; font-size: 0px; font-style: normal; font-weight: bold; text-align: center;\" align=\"center\"><strong><img decoding=\"async\" class=\"alignnone\" src=\"https:\/\/haskurt.com\/40\/wp-content\/uploads\/2024\/07\/Bayrak03.gif\" alt=\"This image has an empty alt attribute; its file name is Bayrak03.gif\" \/>\u00a0 \u00a0 <code><span style=\"color: #ffffff; font-family: Arial Black; font-size: x-large;\">\u00a0 \u00a0B\u00fcy\u00fck Hun \u0130mparatorlu\u011fu:\u00a0 \u00a0<\/span><\/code><code><\/code><code><img decoding=\"async\" src=\"https:\/\/haskurt.com\/40\/wp-content\/uploads\/2024\/07\/hurgokbayrak.gif\" alt=\"This image has an empty alt attribute; its file name is kirsehir03.gif\" \/><\/code><\/strong><code><\/code><\/h1>\n\n\n<figure class=\"wp-block-image size-full is-resized\"><img loading=\"lazy\" decoding=\"async\" width=\"600\" height=\"450\" src=\"https:\/\/haskurt.com\/40\/wp-content\/uploads\/2024\/07\/Buyuk-Hun-Haritasi.jpg\" alt=\"\" class=\"wp-image-804\" style=\"width:1449px;height:auto\" srcset=\"https:\/\/haskurt.com\/40\/wp-content\/uploads\/2024\/07\/Buyuk-Hun-Haritasi.jpg 600w, https:\/\/haskurt.com\/40\/wp-content\/uploads\/2024\/07\/Buyuk-Hun-Haritasi-300x225.jpg 300w\" sizes=\"auto, (max-width: 600px) 100vw, 600px\" \/><\/figure>\n\n\n<h1 class=\"wp-block-heading has-text-align-center has-white-color has-text-color has-background\" style=\"background-color: #34495e; font-size: 0px; font-style: normal; font-weight: bold; text-align: center;\" align=\"center\"><strong><img decoding=\"async\" class=\"alignnone\" src=\"https:\/\/haskurt.com\/40\/wp-content\/uploads\/2024\/07\/Bayrak03.gif\" alt=\"This image has an empty alt attribute; its file name is Bayrak03.gif\" \/>\u00a0 \u00a0 <code><span style=\"color: #ffffff; font-family: Arial Black; font-size: x-large;\">\u00a0 \u00a0B\u00fcy\u00fck Hun \u0130mparatorlu\u011fu:\u00a0 \u00a0<\/span><\/code><code><\/code><code><img decoding=\"async\" src=\"https:\/\/haskurt.com\/40\/wp-content\/uploads\/2024\/07\/hurgokbayrak.gif\" alt=\"This image has an empty alt attribute; its file name is kirsehir03.gif\" \/><\/code><\/strong><code><\/code><\/h1>\n\n\n<p class=\"has-medium-font-size\">B\u00fcy\u00fck Hun \u0130mparatorlu\u011fu, tarihin en etkileyici ve g\u00fc\u00e7l\u00fc devletlerinden birisidir. Hunlar, Orta Asya&#8217;n\u0131n bozk\u0131rlar\u0131nda do\u011fmu\u015f ve \u00f6zellikle M.\u00d6. 3. y\u00fczy\u0131lda kurduklar\u0131 imparatorluk ile hem Asya hem de Avrupa tarihinde derin izler b\u0131rakm\u0131\u015flard\u0131r.<\/p>\n\n\n\n<p><\/p>\n\n\n\n<figure class=\"wp-block-image size-full is-resized\"><img loading=\"lazy\" decoding=\"async\" width=\"600\" height=\"450\" src=\"https:\/\/haskurt.com\/40\/wp-content\/uploads\/2024\/07\/Buyuk-Hun-Bayragi.jpg\" alt=\"\" class=\"wp-image-186\" style=\"width:1121px;height:auto\" srcset=\"https:\/\/haskurt.com\/40\/wp-content\/uploads\/2024\/07\/Buyuk-Hun-Bayragi.jpg 600w, https:\/\/haskurt.com\/40\/wp-content\/uploads\/2024\/07\/Buyuk-Hun-Bayragi-300x225.jpg 300w\" sizes=\"auto, (max-width: 600px) 100vw, 600px\" \/><\/figure>\n\n\n\n<p class=\"has-text-color has-link-color has-large-font-size wp-elements-cb42a5cde07e2e5594721a109ec50ee4\" style=\"color:#ff0000\"><strong>Ba\u015fl\u0131ca \u00d6ne \u00c7\u0131kan Konular:<\/strong><\/p>\n\n\n\n<ol class=\"wp-block-list\">\n<li class=\"has-medium-font-size\"><strong>Hunlar\u0131n K\u00f6keni ve \u0130lk \u0130zler<\/strong>:<br>Hunlar, Orta Asya&#8217;n\u0131n kuzeyinde, \u00f6zellikle Altay Da\u011flar\u0131 ve \u00e7evresinde ya\u015fayan, g\u00f6\u00e7ebe bir halkt\u0131. Tarihteki ilk kay\u0131tlara M.\u00d6. 318 y\u0131l\u0131nda, Kuzey \u015eans\u0131 Sava\u015f\u0131\u2019nda rastlanmaktad\u0131r. Bu sava\u015fta, Hunlar \u00c7in&#8217;e kar\u015f\u0131 zafer kazanm\u0131\u015f ve adlar\u0131n\u0131 duyurmu\u015flard\u0131r. Bu erken d\u00f6nem, Hunlar&#8217;\u0131n askeri yeteneklerinin, disiplinlerinin ve sava\u015f stratejilerinin ne kadar geli\u015fmi\u015f oldu\u011funu g\u00f6sterir.<\/li>\n\n\n\n<li class=\"has-medium-font-size\"><strong>B\u00fcy\u00fck Hun \u0130mparatorlu\u011fu&#8217;nun Kurulu\u015fu<\/strong>:<br>Hunlar\u0131n tarih sahnesine \u00e7\u0131k\u0131\u015f\u0131, \u00f6zellikle M\u00d6 3. y\u00fczy\u0131lda, Mete Han\u2019\u0131n (veya di\u011fer adlar\u0131yla Modu Chanyu) \u00f6nderli\u011finde ger\u00e7ekle\u015fmi\u015ftir. Mete Han, Hunlar\u2019\u0131 g\u00fc\u00e7l\u00fc bir ordu haline getirmi\u015f ve onlar i\u00e7in merkeziyet\u00e7i bir devlet yap\u0131s\u0131 olu\u015fturmu\u015ftur. Mete Han\u2019\u0131n liderli\u011finde, Hunlar sadece Orta Asya\u2019daki di\u011fer g\u00f6\u00e7ebe topluluklar\u0131 de\u011fil, ayn\u0131 zamanda \u00c7in&#8217;i de tehdit eder hale gelmi\u015flerdir.<\/li>\n\n\n\n<li class=\"has-medium-font-size\"><strong>Hunlar\u0131n Askeri G\u00fcc\u00fc ve Stratejileri<\/strong>:<br>Hunlar, \u00f6zellikle atl\u0131 askerleriyle \u00fcnl\u00fcd\u00fcr. Onlar, sava\u015f arabalar\u0131ndan atl\u0131 ok\u00e7ulara, kalkan kullanmaya kadar bir\u00e7ok stratejik yenilik getirmi\u015flerdir. H\u0131zl\u0131 ve etkili sava\u015f taktikleri sayesinde, \u00c7in Seddi\u2019ni a\u015farak \u00c7in&#8217;in kuzey s\u0131n\u0131rlar\u0131n\u0131 tehdit etmi\u015flerdir. Ayr\u0131ca, Hunlar\u2019\u0131n sava\u015f\u00e7\u0131 disiplinleri ve stratejik zekalar\u0131, onlar\u0131 tarihteki en ba\u015far\u0131l\u0131 g\u00f6\u00e7ebe ordulardan biri yapm\u0131\u015ft\u0131r.<\/li>\n\n\n\n<li class=\"has-medium-font-size\"><strong>Hun \u0130mparatorlu\u011fu\u2019nun Yay\u0131lmas\u0131<\/strong>:<br>Mete Han\u2019\u0131n zaferlerinden sonra, Hun \u0130mparatorlu\u011fu h\u0131zla b\u00fcy\u00fcd\u00fc ve bat\u0131ya do\u011fru ilerledi. Asya&#8217;dan Avrupa&#8217;ya kadar geni\u015fleyen bu imparatorluk, geni\u015f topraklar\u0131 \u00fczerinde bir dizi farkl\u0131 halk\u0131 egemenli\u011fi alt\u0131na alm\u0131\u015ft\u0131r. M\u00d6 2. y\u00fczy\u0131lda, Bat\u0131 Hunlar\u0131 (veya Avrupa Hunlar\u0131), Avrupa&#8217;n\u0131n do\u011fusuna kadar ilerlemi\u015flerdir. Bu s\u00fcre\u00e7, Avrupa&#8217;daki pek \u00e7ok kavmi etkilemi\u015f ve \u00f6zellikle Roma \u0130mparatorlu\u011fu \u00fczerinde b\u00fcy\u00fck bir bask\u0131 olu\u015fturmu\u015ftur.<\/li>\n\n\n\n<li class=\"has-medium-font-size\"><strong>Roma \u0130mparatorlu\u011fu ile \u0130li\u015fkiler<\/strong>:<br>Hunlar, Bat\u0131&#8217;ya do\u011fru ilerledik\u00e7e Roma \u0130mparatorlu\u011fu ile kar\u015f\u0131la\u015fm\u0131\u015flard\u0131r. Hunlar\u0131n Bat\u0131ya do\u011fru hareketi, Roma&#8217;y\u0131 ciddi \u015fekilde tehdit etmi\u015f ve bu durum, Roma&#8217;n\u0131n kuzey s\u0131n\u0131rlar\u0131n\u0131 savunmak i\u00e7in b\u00fcy\u00fck \u00e7aba sarf etmesine yol a\u00e7m\u0131\u015ft\u0131r. 5. y\u00fczy\u0131lda Attila&#8217;n\u0131n y\u00f6netiminde Bat\u0131 Roma\u2019ya kar\u015f\u0131 yap\u0131lan seferler, Roma&#8217;n\u0131n zay\u0131flamas\u0131na ve \u00e7\u00f6k\u00fc\u015f\u00fcne h\u0131z kazand\u0131rm\u0131\u015ft\u0131r.<\/li>\n\n\n\n<li class=\"has-medium-font-size\"><strong>Attila&#8217;n\u0131n Y\u00fckseli\u015fi ve Hunlar\u0131n Zirveye Ula\u015fmas\u0131<\/strong>:<br>Attila, Hun \u0130mparatorlu\u011fu&#8217;nun en \u00fcnl\u00fc h\u00fck\u00fcmdar\u0131d\u0131r ve tarihte &#8220;Tanr\u0131\u2019n\u0131n Kam\u00e7\u0131s\u0131&#8221; olarak an\u0131lm\u0131\u015ft\u0131r. Onun liderli\u011finde, Hunlar hem Asya hem de Avrupa\u2019daki en g\u00fc\u00e7l\u00fc devletlerden biri haline gelmi\u015ftir. Attila, Roma \u0130mparatorlu\u011fu\u2019na kar\u015f\u0131 birka\u00e7 b\u00fcy\u00fck sefer d\u00fczenlemi\u015f ve b\u00fcy\u00fck zaferler kazanm\u0131\u015ft\u0131r. Ancak Attila&#8217;n\u0131n \u00f6l\u00fcm\u00fcnden sonra, Hun \u0130mparatorlu\u011fu h\u0131zl\u0131 bir \u015fekilde zay\u0131flamaya ba\u015flam\u0131\u015f ve sonunda par\u00e7alanm\u0131\u015ft\u0131r.<\/li>\n\n\n\n<li class=\"has-medium-font-size\"><strong>Hunlar\u0131n K\u00fclt\u00fcrel ve Siyasi Miras\u0131<\/strong>:<br>B\u00fcy\u00fck Hun \u0130mparatorlu\u011fu, sadece askeri ba\u015far\u0131lar\u0131yla de\u011fil, ayn\u0131 zamanda k\u00fclt\u00fcrel etkileriyle de tarihe damgas\u0131n\u0131 vurmu\u015ftur. Hunlar, g\u00f6\u00e7ebe bir ya\u015fam tarz\u0131 benimsemekle birlikte, Orta Asya\u2019daki di\u011fer T\u00fcrk boylar\u0131 \u00fczerinde de etkili olmu\u015flard\u0131r. Ayr\u0131ca, Attila ve Hunlar&#8217;\u0131n Roma ve Bizans \u00fczerindeki bask\u0131lar\u0131, Avrupa tarihini \u00f6nemli \u00f6l\u00e7\u00fcde etkilemi\u015f ve Orta \u00c7a\u011f\u2019\u0131n ba\u015flang\u0131c\u0131na yol a\u00e7an b\u00fcy\u00fck d\u00f6n\u00fc\u015f\u00fcmlerin bir par\u00e7as\u0131 olmu\u015ftur.<\/li>\n<\/ol>\n\n\n\n<p class=\"has-medium-font-size\"><strong>Sonu\u00e7 olarak<\/strong>, B\u00fcy\u00fck Hun \u0130mparatorlu\u011fu, sadece askeri anlamda de\u011fil, k\u00fclt\u00fcrel ve co\u011frafi anlamda da b\u00fcy\u00fck bir g\u00fc\u00e7 olmu\u015ftur. M.\u00d6. 3. y\u00fczy\u0131ldan itibaren ba\u015flayan bu g\u00fc\u00e7, Orta Asya\u2019dan Avrupa\u2019ya kadar uzanarak b\u00fcy\u00fck bir etki yaratm\u0131\u015f, Attila&#8217;n\u0131n y\u00f6netiminde zirveye ula\u015fm\u0131\u015f ve Roma \u0130mparatorlu\u011fu \u00fczerinde \u00f6nemli etkiler b\u0131rakm\u0131\u015ft\u0131r. Hunlar, d\u00fcnya tarihindeki en \u00f6nemli g\u00f6\u00e7ebe imparatorluklardan biri olarak, hem Asya hem de Avrupa tarihine izler b\u0131rakm\u0131\u015ft\u0131r.<\/p>\n\n\n<h1 class=\"wp-block-heading has-text-align-center has-white-color has-text-color has-background\" style=\"background-color: #34495e; font-size: 0px; font-style: normal; font-weight: bold; text-align: center;\" align=\"center\"><strong><img decoding=\"async\" class=\"alignnone\" src=\"https:\/\/haskurt.com\/40\/wp-content\/uploads\/2024\/07\/Bayrak03.gif\" alt=\"This image has an empty alt attribute; its file name is Bayrak03.gif\" \/>\u00a0 \u00a0 <code><span style=\"color: #ffffff; font-family: Arial Black; font-size: x-large;\">\u00a0 \ud83d\udc3a HasKurt \ud83d\udc3a  \u00a0<\/span><\/code><code><\/code><code><img decoding=\"async\" src=\"https:\/\/haskurt.com\/40\/wp-content\/uploads\/2024\/07\/Bayrak03.gif\" alt=\"This image has an empty alt attribute; its file name is kirsehir03.gif\" \/><\/code><\/strong><code><\/code><\/h1>\n\n\n<table border=\"0\" width=\"100%\" cellspacing=\"0\" cellpadding=\"0\">\n\t<tr>\n\t\t<td>\n\t\t<p align=\"center\">\n\t\t<img loading=\"lazy\" decoding=\"async\" border=\"0\" src=\"https:\/\/haskurt.com\/40\/wp-content\/uploads\/2024\/07\/HasKurt2005A.gif\" width=\"200\" height=\"120\"><\/td>\n\t\t<td>\n\t\t<p align=\"center\">\n\t\t<img loading=\"lazy\" decoding=\"async\" border=\"0\" src=\"https:\/\/haskurt.com\/40\/wp-content\/uploads\/2024\/07\/OsmanliImparatorlugu_1882\u20131922.svg_.png\" width=\"120\" height=\"120\"><\/td>\n\t\t<td>\n\t\t<p align=\"center\">\n\t\t<img loading=\"lazy\" decoding=\"async\" border=\"0\" src=\"https:\/\/haskurt.com\/40\/wp-content\/uploads\/2024\/07\/Bayrak03.gif\" width=\"163\" height=\"120\"><\/td>\n\t\t<td>\n\t\t<p align=\"center\">\n\t\t<img loading=\"lazy\" decoding=\"async\" border=\"0\" src=\"https:\/\/haskurt.com\/40\/wp-content\/uploads\/2024\/07\/HasKurt2014A.gif\" width=\"200\" height=\"120\"><\/td>\n\t<\/tr>\n<\/table>\n<table border=\"0\" width=\"100%\" cellspacing=\"0\" cellpadding=\"0\">\n\t<tr>\n\t\t<td>\n\t\t<p align=\"center\">\n\t\t<img decoding=\"async\" border=\"0\" src=\"https:\/\/haskurt.com\/40\/wp-content\/uploads\/2024\/07\/100YilTurkiye.png\" width=\"100%\" height=\"60\"><\/td>\n\t<\/tr>\n\t<tr>\n\t\t<td>\n\t\t<p align=\"center\">\n\t\t&nbsp;<\/td>\n\t<\/tr>\n<\/table>\n<table border=\"0\" width=\"100%\" cellspacing=\"0\" cellpadding=\"0\">\n\t<tr>\n\t\t<td>\n\t\t<p align=\"center\">\n\t\t<img loading=\"lazy\" decoding=\"async\" border=\"0\" src=\"https:\/\/haskurt.com\/40\/wp-content\/uploads\/2024\/07\/Bayrak03.gif\" width=\"68\" height=\"50\"><\/td>\n\t\t<td>\n\t\t<p align=\"center\">\n\t\t<img loading=\"lazy\" decoding=\"async\" border=\"0\" src=\"https:\/\/haskurt.com\/40\/wp-content\/uploads\/2024\/07\/hurgokbayrak.gif\" width=\"68\" height=\"50\"><\/td>\n\t\t<td>\n\t\t<p align=\"center\">\n\t\t<img loading=\"lazy\" decoding=\"async\" border=\"0\" src=\"https:\/\/haskurt.com\/40\/wp-content\/uploads\/2024\/07\/01Azerbaycan.gif\" width=\"68\" height=\"50\"><\/td>\n\t\t<td>\n\t\t<p align=\"center\">\n\t\t<img loading=\"lazy\" decoding=\"async\" border=\"0\" src=\"https:\/\/haskurt.com\/40\/wp-content\/uploads\/2024\/07\/HasKurt.gif\" width=\"90\" height=\"86\"><\/td>\n\t\t<td>\n\t\t<p align=\"center\">\n\t\t<font face=\"Arial Black\" size=\"2\" style=\"box-sizing: border-box; color: rgb(32, 32, 32); font-size: 21.98px; font-style: normal; font-variant-ligatures: normal; font-variant-caps: normal; font-weight: 400; letter-spacing: normal; orphans: 2; text-align: left; text-indent: 0px; text-transform: none; widows: 2; word-spacing: 0px; -webkit-text-stroke-width: 0px; white-space: normal; text-decoration-thickness: initial; text-decoration-style: initial; text-decoration-color: initial; margin: 0px; padding: 0px\">\n\t\te \u2013 Posta<span lang=\"nl\" style=\"box-sizing: border-box; margin: 0px; padding: 0px;\">:<\/span><\/font><font color=\"#0000FF\" face=\"Arial Black\" style=\"box-sizing: border-box; margin: 0px; padding: 0px; font-size: 21.98px; font-style: normal; font-variant-ligatures: normal; font-variant-caps: normal; font-weight: 400; letter-spacing: normal; orphans: 2; text-align: left; text-indent: 0px; text-transform: none; widows: 2; word-spacing: 0px; -webkit-text-stroke-width: 0px; white-space: normal; text-decoration-thickness: initial; text-decoration-style: initial; text-decoration-color: initial;\"><span lang=\"nl\" style=\"box-sizing: border-box; margin: 0px; padding: 0px;\"><font face=\"Arial Black\" size=\"2\" style=\"box-sizing: border-box; margin: 0px; padding: 0px;\">&nbsp;&nbsp; <\/font><\/span><i style=\"box-sizing: border-box; margin: 0px; padding: 0px;\"><font face=\"Times New Roman\" style=\"box-sizing: border-box; margin: 0px; padding: 0px;\"><u style=\"box-sizing: border-box; margin: 0px; padding: 0px;\"><a style=\"box-sizing: border-box; text-decoration: none; font-size: 22px; font-family: Arial Black; font-weight: 700; font-style: normal; text-shadow: none; text-align: left; margin: 0px; padding: 0px; background-color: transparent\" href=\"mailto:haskurt@hotmail.com\">HasKurt \n\t\t\u00d6zKurt<\/a><\/u><\/font><\/i><\/font><p align=\"center\">\n\t\t<font face=\"Arial Black\" style=\"box-sizing: border-box; margin: 0px; padding: 0px; color: rgb(0, 0, 255); font-family: &quot;Arial Black&quot;; font-size: 21.98px; font-style: normal; font-variant-ligatures: normal; font-variant-caps: normal; font-weight: 400; letter-spacing: normal; orphans: 2; text-align: left; text-indent: 0px; text-transform: none; widows: 2; word-spacing: 0px; -webkit-text-stroke-width: 0px; white-space: normal; text-decoration-thickness: initial; text-decoration-style: initial; text-decoration-color: initial;\">\n\t\t<font size=\"2\" face=\"Arial Black\" style=\"box-sizing: border-box; margin: 0px; padding: 0px;\">\n\t\tBu site<span lang=\"nl\"> <\/span><\/font>&nbsp;<font color=\"#0000FF\" face=\"Arial Black\" style=\"box-sizing: border-box; margin: 0px; padding: 0px;\"><u style=\"box-sizing: border-box; margin: 0px; padding: 0px;\"><i style=\"box-sizing: border-box; margin: 0px; padding: 0px;\"><a style=\"box-sizing: border-box; margin: 0px; padding: 0px; color: rgb(51, 103, 153); text-decoration: none; background-color: transparent; font-size: 22px; font-family: Arial; font-weight: 400; font-style: normal; text-shadow: none; text-align: left;\" href=\"mailto:haskurt@hotmail.com\">HasKurt\n\t\t<span lang=\"nl\">&nbsp;<\/span>\u00d6zKurt<\/a><\/i><\/u><\/font><\/font><u style=\"box-sizing: border-box; margin: 0px; padding: 0px; color: rgb(0, 0, 255); font-family: &quot;Arial Black&quot;; font-size: 21.98px; font-style: normal; font-variant-ligatures: normal; font-variant-caps: normal; font-weight: 400; letter-spacing: normal; orphans: 2; text-align: left; text-indent: 0px; text-transform: none; widows: 2; word-spacing: 0px; -webkit-text-stroke-width: 0px; white-space: normal;\"><font face=\"Arial Black\" size=\"2\" style=\"box-sizing: border-box; margin: 0px; padding: 0px;\"><span lang=\"nl\">&nbsp;\n\t\t<\/span>Taraf<span lang=\"ES-TRAD\" style=\"box-sizing: border-box; margin: 0px; padding: 0px;\">&#305;<\/span>ndan\n\t\t<span lang=\"nl\">&nbsp;<\/span>haz<\/font><font size=\"3\" face=\"Arial Black\" style=\"box-sizing: border-box; margin: 0px; padding: 0px;\"><span lang=\"ES-TRAD\" style=\"box-sizing: border-box; margin: 0px; padding: 0px; font-size: 10pt; font-family: &quot;Arial Black&quot;;\">&#305;<\/span><\/font><font face=\"Arial Black\" size=\"2\" style=\"box-sizing: border-box; margin: 0px; padding: 0px;\">rlanmaktad<\/font><font size=\"3\" face=\"Arial Black\" style=\"box-sizing: border-box; margin: 0px; padding: 0px;\"><span lang=\"ES-TRAD\" style=\"box-sizing: border-box; margin: 0px; padding: 0px; font-size: 10pt; font-family: &quot;Arial Black&quot;;\">&#305;<\/span><\/font><font face=\"Arial Black\" size=\"2\" style=\"box-sizing: border-box; margin: 0px; padding: 0px;\">r<\/font><\/u><\/td>\n\t\t<td>\n\t\t<p align=\"center\">\n\t\t<img loading=\"lazy\" decoding=\"async\" border=\"0\" src=\"https:\/\/haskurt.com\/40\/wp-content\/uploads\/2024\/07\/Bayrak03.gif\" width=\"68\" height=\"50\"><\/td>\n\t\t<td>\n\t\t<p align=\"center\">\n\t\t<img loading=\"lazy\" decoding=\"async\" border=\"0\" src=\"https:\/\/haskurt.com\/40\/wp-content\/uploads\/2024\/07\/hurgokbayrak.gif\" width=\"68\" height=\"50\"><\/td>\n\t\t<td>\n\t\t<p align=\"center\">\n\t\t<img loading=\"lazy\" decoding=\"async\" border=\"0\" src=\"https:\/\/haskurt.com\/40\/wp-content\/uploads\/2024\/07\/01Azerbaycan.gif\" width=\"68\" height=\"50\"><\/td>\n\t\t<td>\n\t\t<p align=\"center\">\n\t\t<img loading=\"lazy\" decoding=\"async\" border=\"0\" src=\"https:\/\/haskurt.com\/40\/wp-content\/uploads\/2024\/07\/HasKurt.gif\" width=\"90\" height=\"86\"><\/td>\n\t<\/tr>\n<\/table>\n","protected":false},"excerpt":{"rendered":"<p>\u00a0 \u00a0 \u00a0 \u00a0B\u00fcy\u00fck Hun \u0130mparatorlu\u011fu:\u00a0 \u00a0 \u00a0 \u00a0 \u00a0 \u00a0B\u00fcy\u00fck Hun \u0130mparatorlu\u011fu:\u00a0 \u00a0 B\u00fcy\u00fck Hun \u0130mparatorlu\u011fu, tarihin en etkileyici ve g\u00fc\u00e7l\u00fc devletlerinden birisidir. Hunlar, Orta Asya&#8217;n\u0131n bozk\u0131rlar\u0131nda do\u011fmu\u015f ve \u00f6zellikle M.\u00d6. 3. y\u00fczy\u0131lda kurduklar\u0131 imparatorluk ile hem Asya hem &hellip;<\/p>\n<p><a href=\"https:\/\/haskurt.com\/40\/buyuk-hun-imparatorlugu\/\">Continue Reading<span class=\"meta-nav\">&rarr;<\/span><\/a><\/p>\n","protected":false},"author":1,"featured_media":0,"parent":0,"menu_order":0,"comment_status":"closed","ping_status":"closed","template":"page-templates\/haskurt_page.php","meta":{"footnotes":""},"class_list":["post-185","page","type-page","status-publish","hentry"],"_links":{"self":[{"href":"https:\/\/haskurt.com\/40\/wp-json\/wp\/v2\/pages\/185","targetHints":{"allow":["GET"]}}],"collection":[{"href":"https:\/\/haskurt.com\/40\/wp-json\/wp\/v2\/pages"}],"about":[{"href":"https:\/\/haskurt.com\/40\/wp-json\/wp\/v2\/types\/page"}],"author":[{"embeddable":true,"href":"https:\/\/haskurt.com\/40\/wp-json\/wp\/v2\/users\/1"}],"replies":[{"embeddable":true,"href":"https:\/\/haskurt.com\/40\/wp-json\/wp\/v2\/comments?post=185"}],"version-history":[{"count":8,"href":"https:\/\/haskurt.com\/40\/wp-json\/wp\/v2\/pages\/185\/revisions"}],"predecessor-version":[{"id":1847,"href":"https:\/\/haskurt.com\/40\/wp-json\/wp\/v2\/pages\/185\/revisions\/1847"}],"wp:attachment":[{"href":"https:\/\/haskurt.com\/40\/wp-json\/wp\/v2\/media?parent=185"}],"curies":[{"name":"wp","href":"https:\/\/api.w.org\/{rel}","templated":true}]}}